000
CDUS43 KLBF 030933
CLILBF

CLIMATE REPORT
NATIONAL WEATHER SERVICE NORTH PLATTE
432 AM CDT SUN MAY 3 2015


...................................

...THE NORTH PLATTE NE CLIMATE SUMMARY FOR MAY 2 2015...

CLIMATE NORMAL PERIOD 1981 TO 2010
CLIMATE RECORD PERIOD 1874 TO 2015


WEATHER ITEM   OBSERVED TIME   RECORD YEAR NORMAL DEPARTURE LAST
                VALUE   (LST)  VALUE       VALUE  FROM      YEAR
                                                  NORMAL
..................................................................
TEMPERATURE (F)
 YESTERDAY
  MAXIMUM         84    425 PM  88    1955  68     16       76
                                      1902
  MINIMUM         43    502 AM  18    2005  39      4       25
  AVERAGE         64                        53     11       51

PRECIPITATION (IN)
  YESTERDAY        0.20          1.61 1988   0.09   0.11      T
  MONTH TO DATE    0.20                      0.18   0.02      T
  SINCE MAR 1      3.22                      3.50  -0.28     1.43
  SINCE JAN 1      3.96                      4.34  -0.38     2.48

SNOWFALL (IN)
  YESTERDAY        0.0           3.5  1907   0.0    0.0      0.0
  MONTH TO DATE    0.0                       0.0    0.0      0.0
  SINCE MAR 1      2.4                       7.6   -5.2      7.4
  SINCE JUL 1     21.3                      28.5   -7.2     29.8
  SNOW DEPTH       0

DEGREE DAYS
 HEATING
  YESTERDAY        1                        12    -11       14
  MONTH TO DATE    3                        24    -21       37
  SINCE MAR 1   1098                      1386   -288     1413
  SINCE JUL 1   5987                      6414   -427     6604

 COOLING
  YESTERDAY        0                         0      0        0
  MONTH TO DATE    0                         0      0        0
  SINCE MAR 1      2                         3     -1        2
  SINCE JAN 1      2                         3     -1        2
..................................................................


WIND (MPH)
  HIGHEST WIND SPEED    22   HIGHEST WIND DIRECTION    NW (310)
  HIGHEST GUST SPEED    30   HIGHEST GUST DIRECTION    NW (310)
  AVERAGE WIND SPEED     6.0


SKY COVER
  POSSIBLE SUNSHINE  MM
  AVERAGE SKY COVER 0.2


WEATHER CONDITIONS
 THE FOLLOWING WEATHER WAS RECORDED YESTERDAY.
  THUNDERSTORM
  RAIN
  LIGHT RAIN
  FOG
  FOG W/VISIBILITY <= 1/4 MILE


RELATIVE HUMIDITY (PERCENT)
 HIGHEST   100           400 AM
 LOWEST     25           600 PM
 AVERAGE    63

..........................................................


THE NORTH PLATTE NE CLIMATE NORMALS FOR TODAY
                         NORMAL    RECORD    YEAR
 MAXIMUM TEMPERATURE (F)   68        94      1949
 MINIMUM TEMPERATURE (F)   39        20      1976
                                             1907


SUNRISE AND SUNSET
MAY  3 2015...........SUNRISE   638 AM CDT   SUNSET   842 PM CDT
MAY  4 2015...........SUNRISE   637 AM CDT   SUNSET   843 PM CDT


-  INDICATES NEGATIVE NUMBERS.
R  INDICATES RECORD WAS SET OR TIED.
MM INDICATES DATA IS MISSING.
T  INDICATES TRACE AMOUNT.

$$
