000
CDUS44 KLCH 032209
CLILFT


CLIMATE REPORT
NATIONAL WEATHER SERVICE LAKE CHARLES, LA
509 PM CDT SUN MAY 3 2015


...................................

...THE LAFAYETTE CLIMATE SUMMARY FOR MAY 3 2015...
VALID TODAY AS OF 0500 PM LOCAL TIME.

CLIMATE NORMAL PERIOD 1981 TO 2010
CLIMATE RECORD PERIOD 1893 TO 2015


WEATHER ITEM   OBSERVED TIME   RECORD YEAR NORMAL DEPARTURE LAST
                VALUE   (LST)  VALUE       VALUE  FROM      YEAR
                                                  NORMAL
..................................................................
TEMPERATURE (F)
 TODAY
  MAXIMUM         83    338 PM  94    1943  84     -1       85
  MINIMUM         62    543 AM  42    1929  64     -2       54
  AVERAGE         73                        74     -1       70

PRECIPITATION (IN)
  TODAY            0.00          2.89 1922   0.14  -0.14     0.00
  MONTH TO DATE    0.00                      0.42  -0.42     0.00
  SINCE MAR 1     15.04                      8.14   6.90     4.76
  SINCE JAN 1     22.14                     18.26   3.88    12.01

DEGREE DAYS
 COOLING
  TODAY            8                         9     -1        5
  MONTH TO DATE   23                        25     -2        7
  SINCE MAR 1    329                       247     82      173
  SINCE JAN 1    334                       279     55      187
..................................................................


WIND (MPH)
  HIGHEST WIND SPEED    12   HIGHEST WIND DIRECTION     S (190)
  HIGHEST GUST SPEED    15   HIGHEST GUST DIRECTION     S (160)
  AVERAGE WIND SPEED     1.8


SKY COVER
  POSSIBLE SUNSHINE  MM
  AVERAGE SKY COVER 0.3


WEATHER CONDITIONS
 THE FOLLOWING WEATHER WAS RECORDED TODAY.
  FOG


RELATIVE HUMIDITY (PERCENT)
 HIGHEST   100           300 AM
 LOWEST     39           400 PM
 AVERAGE    70

..........................................................


THE LAFAYETTE CLIMATE NORMALS FOR TOMORROW
                         NORMAL    RECORD    YEAR
 MAXIMUM TEMPERATURE (F)   84        95      1952
 MINIMUM TEMPERATURE (F)   64        44      2013
                                             1954
                                             1921


SUNRISE AND SUNSET
MAY  3 2015...........SUNRISE   623 AM CDT   SUNSET   747 PM CDT
MAY  4 2015...........SUNRISE   622 AM CDT   SUNSET   748 PM CDT


-  INDICATES NEGATIVE NUMBERS.
R  INDICATES RECORD WAS SET OR TIED.
MM INDICATES DATA IS MISSING.
T  INDICATES TRACE AMOUNT.




$$
