000
CDHW41 PHFO 060245
CLILIH


CLIMATE REPORT
NATIONAL WEATHER SERVICE HONOLULU HI
445 PM HST TUE MAY 5 2015


...................................

...THE LIHUE HI CLIMATE SUMMARY FOR MAY 5 2015...
VALID TODAY AS OF 0400 PM LOCAL TIME.

CLIMATE NORMAL PERIOD 1981 TO 2010
CLIMATE RECORD PERIOD 1946 TO 2015


WEATHER ITEM   OBSERVED TIME   RECORD YEAR NORMAL DEPARTURE LAST
                VALUE   (LST)  VALUE       VALUE  FROM      YEAR
                                                  NORMAL
..................................................................
TEMPERATURE (F)
 TODAY
  MAXIMUM         83    203 PM  84    1961  80      3       81
  MINIMUM         72    613 AM  62    1966  70      2       69
  AVERAGE         78                        75      3       75

PRECIPITATION (IN)
  TODAY            0.03          2.85 1997   0.08  -0.05     0.00
  MONTH TO DATE    0.03                      0.40  -0.37      T
  SINCE MAR 1      3.15                      7.26  -4.11     2.58
  SINCE JAN 1      5.06                     14.17  -9.11    12.98

SNOWFALL (IN)
  TODAY            0.0
  MONTH TO DATE    0.0
  SINCE MAR 1      0.0
  SINCE JUL 1      0.0
  SNOW DEPTH       0

DEGREE DAYS
 HEATING
  TODAY            0                         0      0        0
  MONTH TO DATE    0                         0      0        0
  SINCE MAR 1      0                         0      0        0
  SINCE JUL 1      0                         0      0        0

 COOLING
  TODAY           13                        10      3       10
  MONTH TO DATE   65                        50     15       52
  SINCE MAR 1    670                       559    111      552
  SINCE JAN 1   1126                       954    172      928
..................................................................


WIND (MPH)
  HIGHEST WIND SPEED    24   HIGHEST WIND DIRECTION     E (90)
  HIGHEST GUST SPEED    29   HIGHEST GUST DIRECTION     E (80)
  AVERAGE WIND SPEED    17.4


SKY COVER
  POSSIBLE SUNSHINE  MM
  AVERAGE SKY COVER 0.8


WEATHER CONDITIONS
 THE FOLLOWING WEATHER WAS RECORDED TODAY.
  NO SIGNIFICANT WEATHER WAS OBSERVED.


RELATIVE HUMIDITY (PERCENT)
 HIGHEST    84           700 AM
 LOWEST     58           200 PM
 AVERAGE    71

..........................................................


THE LIHUE HI CLIMATE NORMALS FOR TOMORROW
                         NORMAL    RECORD    YEAR
 MAXIMUM TEMPERATURE (F)   80        85      1982
 MINIMUM TEMPERATURE (F)   70        63      1954


SUNRISE AND SUNSET
MAY  5 2015...........SUNRISE   603 AM HST   SUNSET   705 PM HST
MAY  6 2015...........SUNRISE   603 AM HST   SUNSET   706 PM HST


-  INDICATES NEGATIVE NUMBERS.
R  INDICATES RECORD WAS SET OR TIED.
MM INDICATES DATA IS MISSING.
T  INDICATES TRACE AMOUNT.




$$
