000
CDUS44 KLZK 270903
CLILIT


CLIMATE REPORT
NATIONAL WEATHER SERVICE LITTLE ROCK AR
402 AM CDT MON APR 27 2015


...................................

...THE LITTLE ROCK ADAMS FIELD CLIMATE SUMMARY FOR APRIL 26 2015...

CLIMATE NORMAL PERIOD 1981 TO 2010
CLIMATE RECORD PERIOD 1874 TO 2015


WEATHER ITEM   OBSERVED TIME   RECORD YEAR NORMAL DEPARTURE LAST
                VALUE   (LST)  VALUE       VALUE  FROM      YEAR
                                                  NORMAL
..................................................................
TEMPERATURE (F)
 YESTERDAY
  MAXIMUM         70   1003 AM  90    1987  76     -6       83
  MINIMUM         57   1159 PM  33    1910  54      3       50
  AVERAGE         64                        65     -1       67

PRECIPITATION (IN)
  YESTERDAY        0.00          2.51 1877   0.19  -0.19     0.00
  MONTH TO DATE    5.24                      4.44   0.80     4.47
  SINCE MAR 1     13.34                      9.12   4.22     9.76
  SINCE JAN 1     20.15                     16.33   3.82    15.33

SNOWFALL (IN)
  YESTERDAY        0.0          MM      MM   0.0    0.0      0.0
  MONTH TO DATE    T                         0.0    0.0       T
  SINCE MAR 1      5.7                       0.4    5.3      2.2
  SINCE JUL 1     11.1                       3.5    7.6      6.2
  SNOW DEPTH       0

DEGREE DAYS
 HEATING
  YESTERDAY        1                         3     -2        0
  MONTH TO DATE   62                       137    -75      131
  SINCE MAR 1    457                       512    -55      626
  SINCE JUL 1   3103                      3025     78     3399

 COOLING
  YESTERDAY        0                         3     -3        2
  MONTH TO DATE   75                        44     31       42
  SINCE MAR 1     89                        58     31       42
  SINCE JAN 1     89                        60     29       42
..................................................................


WIND (MPH)
  HIGHEST WIND SPEED    20   HIGHEST WIND DIRECTION    NE (60)
  HIGHEST GUST SPEED    25   HIGHEST GUST DIRECTION     E (70)
  AVERAGE WIND SPEED    10.2


SKY COVER
  POSSIBLE SUNSHINE  MM
  AVERAGE SKY COVER 0.6


WEATHER CONDITIONS
 THE FOLLOWING WEATHER WAS RECORDED YESTERDAY.
  NO SIGNIFICANT WEATHER WAS OBSERVED.


RELATIVE HUMIDITY (PERCENT)
 HIGHEST    78           600 AM
 LOWEST     58           200 AM
 AVERAGE    68

..........................................................


THE LITTLE ROCK ADAMS FIELD CLIMATE NORMALS FOR TODAY
                         NORMAL    RECORD    YEAR
 MAXIMUM TEMPERATURE (F)   76        93      1987
 MINIMUM TEMPERATURE (F)   55        40      1976


SUNRISE AND SUNSET
APRIL 27 2015.........SUNRISE   623 AM CDT   SUNSET   751 PM CDT
APRIL 28 2015.........SUNRISE   622 AM CDT   SUNSET   751 PM CDT


-  INDICATES NEGATIVE NUMBERS.
R  INDICATES RECORD WAS SET OR TIED.
MM INDICATES DATA IS MISSING.
T  INDICATES TRACE AMOUNT.




$$
