000
CDUS44 KCRP 062148 RRA
CLILRD

CLIMATE REPORT
NATIONAL WEATHER SERVICE CORPUS CHRISTI TX
446 PM CDT WED MAY 6 2015


...................................

...THE LAREDO CLIMATE SUMMARY FOR MAY 6 2015...
VALID TODAY AS OF 0400 PM LOCAL TIME.

CLIMATE NORMAL PERIOD 1981 TO 2010
CLIMATE RECORD PERIOD 1900 TO 2015


WEATHER ITEM   OBSERVED TIME   RECORD YEAR NORMAL DEPARTURE LAST
                VALUE   (LST)  VALUE       VALUE  FROM      YEAR
                                                  NORMAL
..................................................................
TEMPERATURE (F)
 TODAY
  MAXIMUM         82    254 PM 109    1998  92    -10      103
  MINIMUM         75    658 AM  41    1917  69      6       68
  AVERAGE         79                        81     -2       86

PRECIPITATION (IN)
  TODAY            T             2.24 1963   0.08  -0.08     0.00
  MONTH TO DATE    0.04                      0.45  -0.41      T
  SINCE MAR 1      7.09                      2.99   4.10     1.11
  SINCE JAN 1      7.97                      4.83   3.14     1.32

SNOWFALL (IN)
  TODAY            0.0
  MONTH TO DATE    0.0
  SINCE MAR 1      0.0
  SINCE JUL 1      0.0

DEGREE DAYS
 HEATING
  TODAY            0                         0      0        0
  MONTH TO DATE    0                         0      0        0
  SINCE MAR 1    129                        82     47      104
  SINCE JUL 1   1064                       926    138     1095

 COOLING
  TODAY           14                        15     -1       21
  MONTH TO DATE   68                        89    -21       75
  SINCE MAR 1    471                       604   -133      597
  SINCE JAN 1    519                       689   -170      709
..................................................................


WIND (MPH)
  HIGHEST WIND SPEED    20   HIGHEST WIND DIRECTION    SE (120)
  HIGHEST GUST SPEED    23   HIGHEST GUST DIRECTION     E (110)


SKY COVER
  POSSIBLE SUNSHINE  MM
  AVERAGE SKY COVER 0.9


WEATHER CONDITIONS
 THE FOLLOWING WEATHER WAS RECORDED TODAY.
  LIGHT RAIN
  FOG
  HAZE


RELATIVE HUMIDITY (PERCENT)
 HIGHEST    87           600 AM
 LOWEST     74          1200 PM
 AVERAGE    81

..........................................................


THE LAREDO CLIMATE NORMALS FOR TOMORROW
                         NORMAL    RECORD    YEAR
 MAXIMUM TEMPERATURE (F)   92       115      1927
 MINIMUM TEMPERATURE (F)   70        37      1917


SUNRISE AND SUNSET
MAY  6 2015...........SUNRISE   655 AM CDT   SUNSET   814 PM CDT
MAY  7 2015...........SUNRISE   654 AM CDT   SUNSET   815 PM CDT


-  INDICATES NEGATIVE NUMBERS.
R  INDICATES RECORD WAS SET OR TIED.
MM INDICATES DATA IS MISSING.
T  INDICATES TRACE AMOUNT.




$$
