000
CDUS43 KTOP 270634
CLILWC


CLIMATE REPORT
NATIONAL WEATHER SERVICE TOPEKA KS
133 AM CDT MON APR 27 2015


...................................

...THE LAWRENCE KS CLIMATE SUMMARY FOR APRIL 26 2015...

CLIMATE NORMAL PERIOD 1981 TO 2010
CLIMATE RECORD PERIOD 9999 TO 9999


WEATHER ITEM   OBSERVED NORMAL DEPARTURE LAST
                VALUE   VALUE  FROM      YEAR
                               NORMAL
...............................................
TEMPERATURE (F)
 YESTERDAY
  MAXIMUM         62     70     -8       77
  MINIMUM         47     46      1       54
  AVERAGE         55     58     -3       66

PRECIPITATION (IN)
  YESTERDAY        0.00   0.14  -0.14     0.01
  MONTH TO DATE    2.80   3.11  -0.31     2.95
  SINCE MAR 1      3.52   5.73  -2.21     3.92
  SINCE JAN 1      5.21   8.04  -2.83     4.97

DEGREE DAYS
 HEATING
  YESTERDAY       10      8      2        0
  MONTH TO DATE  217    296    -79      312
  SINCE MAR 1    809    937   -128     1053
  SINCE JUL 1   5098   4952    146     5479

 COOLING
  YESTERDAY        0      1     -1        1
  MONTH TO DATE    5     19    -14        7
  SINCE MAR 1      5     22    -17        7
  SINCE JAN 1      5     22    -17        7
...............................................


WIND (MPH)
  HIGHEST WIND SPEED    18   HIGHEST WIND DIRECTION     E (70)
  HIGHEST GUST SPEED    24   HIGHEST GUST DIRECTION     E (90)
  AVERAGE WIND SPEED    10.2


SKY COVER
  AVERAGE SKY COVER 0.6


WEATHER CONDITIONS
 THE FOLLOWING WEATHER WAS RECORDED YESTERDAY.
  FOG
  HAZE


RELATIVE HUMIDITY (PERCENT)
 HIGHEST    93
 LOWEST     49
 AVERAGE    71

..........................................................


THE LAWRENCE KS CLIMATE NORMALS FOR TODAY
                         NORMAL
 MAXIMUM TEMPERATURE (F)   70
 MINIMUM TEMPERATURE (F)   47


SUNRISE AND SUNSET
APRIL 27 2015.........SUNRISE   628 AM CDT   SUNSET   810 PM CDT
APRIL 28 2015.........SUNRISE   627 AM CDT   SUNSET   811 PM CDT


-  INDICATES NEGATIVE NUMBERS.
R  INDICATES RECORD WAS SET OR TIED.
MM INDICATES DATA IS MISSING.
T  INDICATES TRACE AMOUNT.




$$
