000
CDUS46 KOTX 040428
CLILWS


CLIMATE REPORT
NATIONAL WEATHER SERVICE SPOKANE, WA
927 PM PDT SUN MAY 3 2015


...................................

...THE LEWISTON ID AIRPORT CLIMATE SUMMARY FOR MAY 3 2015...
VALID TODAY AS OF 0800 PM LOCAL TIME.

CLIMATE NORMAL PERIOD 1981 TO 2010
CLIMATE RECORD PERIOD 1881 TO 2015


WEATHER ITEM   OBSERVED TIME   RECORD YEAR NORMAL DEPARTURE LAST
                VALUE   (LST)  VALUE       VALUE  FROM      YEAR
                                                  NORMAL
..................................................................
TEMPERATURE (F)
 TODAY
  MAXIMUM         76    443 PM  93    1937  67      9       68
  MINIMUM         37    356 AM  32    1969  44     -7       54
  AVERAGE         57                        55      2       61

PRECIPITATION (IN)
  TODAY            0.00          0.85 1932   0.05  -0.05      T
  MONTH TO DATE    0.00                      0.14  -0.14      T
  SINCE OCT 1      7.95                      7.58   0.37     6.30
  SINCE JAN 1      3.76                      4.47  -0.71     4.77

DEGREE DAYS
 HEATING
  TODAY            8                        10     -2        4
  MONTH TO DATE   17                        31    -14        4
  SINCE MAR 1    914                      1056   -142     1004
  SINCE JUL 1   4136                      4911   -775     5165

 COOLING
  TODAY            0                         0      0        0
  MONTH TO DATE    0                         0      0        4
  SINCE MAR 1      1                         2     -1        4
  SINCE JAN 1      1                         2     -1        4
..................................................................


WIND (MPH)
  HIGHEST WIND SPEED     9   HIGHEST WIND DIRECTION     E (100)
  HIGHEST GUST SPEED    13   HIGHEST GUST DIRECTION    NW (310)
  AVERAGE WIND SPEED     2.7


SKY COVER
  POSSIBLE SUNSHINE  MM
  AVERAGE SKY COVER 0.0


WEATHER CONDITIONS
 THE FOLLOWING WEATHER WAS RECORDED TODAY.
  NO SIGNIFICANT WEATHER WAS OBSERVED.


RELATIVE HUMIDITY (PERCENT)
 HIGHEST    70           400 AM
 LOWEST     13          1200 PM
 AVERAGE    42

..........................................................


THE LEWISTON ID AIRPORT CLIMATE NORMALS FOR TOMORROW
                         NORMAL    RECORD    YEAR
 MAXIMUM TEMPERATURE (F)   68        93      1966
 MINIMUM TEMPERATURE (F)   44        32      1919


SUNRISE AND SUNSET
MAY  3 2015...........SUNRISE   531 AM PDT   SUNSET   759 PM PDT
MAY  4 2015...........SUNRISE   530 AM PDT   SUNSET   801 PM PDT


-  INDICATES NEGATIVE NUMBERS.
R  INDICATES RECORD WAS SET OR TIED.
MM INDICATES DATA IS MISSING.
T  INDICATES TRACE AMOUNT.




$$
