000
CDUS43 KILX 030639
CLILWV


CLIMATE REPORT
NATIONAL WEATHER SERVICE LINCOLN IL
138 AM CDT SUN MAY 3 2015


...................................

...THE LAWRENCEVILLE IL AIRPORT CLIMATE SUMMARY FOR MAY 2 2015...

CLIMATE NORMAL PERIOD 1981 TO 2010
CLIMATE RECORD PERIOD 9999 TO 9999


WEATHER ITEM   OBSERVED TIME   RECORD YEAR NORMAL DEPARTURE LAST
                VALUE   (LST)  VALUE       VALUE  FROM      YEAR
                                                  NORMAL
..................................................................
TEMPERATURE (F)
 YESTERDAY
  MAXIMUM         75    346 PM  MM      MM  72      3       56
  MINIMUM         49    222 AM  MM      MM  51     -2       44
  AVERAGE         62                        62      0       50

PRECIPITATION (IN)
  YESTERDAY        0.00         MM      MM   0.20  -0.20      T
  MONTH TO DATE    0.00                      0.40  -0.40      T
  SINCE MAR 1     11.07                      7.99   3.08     9.17
  SINCE JAN 1     13.57                     12.38   1.19    11.93

DEGREE DAYS
 HEATING
  YESTERDAY        3                         5     -2       15
  MONTH TO DATE   13                        10      3       31
  SINCE MAR 1    993                       926     67     1071
  SINCE JUL 1   5267                      4601    666     5473

 COOLING
  YESTERDAY        0                         1     -1        0
  MONTH TO DATE    0                         2     -2        0
  SINCE MAR 1      7                        28    -21       10
  SINCE JAN 1      7                        28    -21       10
..................................................................


WIND (MPH)
  HIGHEST WIND SPEED    18   HIGHEST WIND DIRECTION    SW (210)
  HIGHEST GUST SPEED    23   HIGHEST GUST DIRECTION     S (190)
  AVERAGE WIND SPEED     4.6


SKY COVER
  POSSIBLE SUNSHINE  MM
  AVERAGE SKY COVER 0.0


WEATHER CONDITIONS
 THE FOLLOWING WEATHER WAS RECORDED YESTERDAY.
  NO SIGNIFICANT WEATHER WAS OBSERVED.


RELATIVE HUMIDITY (PERCENT)
 HIGHEST    93           100 AM
 LOWEST     33          1200 PM
 AVERAGE    63

..........................................................


THE LAWRENCEVILLE IL AIRPORT CLIMATE NORMALS FOR TODAY
                         NORMAL    RECORD    YEAR
 MAXIMUM TEMPERATURE (F)   73        MM        MM
 MINIMUM TEMPERATURE (F)   52        MM        MM


SUNRISE AND SUNSET
MAY  3 2015...........SUNRISE   551 AM CDT   SUNSET   744 PM CDT
MAY  4 2015...........SUNRISE   550 AM CDT   SUNSET   745 PM CDT


-  INDICATES NEGATIVE NUMBERS.
R  INDICATES RECORD WAS SET OR TIED.
MM INDICATES DATA IS MISSING.
T  INDICATES TRACE AMOUNT.




$$
