000
CDUS41 KRNK 050602
CLILYH


CLIMATE REPORT
NATIONAL WEATHER SERVICE BLACKSBURG VA
157 AM EDT TUE MAY 5 2015


...................................

...THE LYNCHBURG VA CLIMATE SUMMARY FOR MAY 4 2015...

CLIMATE NORMAL PERIOD 1981 TO 2010
CLIMATE RECORD PERIOD 1893 TO 2015


WEATHER ITEM   OBSERVED TIME   RECORD YEAR NORMAL DEPARTURE LAST
                VALUE   (LST)  VALUE       VALUE  FROM      YEAR
                                                  NORMAL
..................................................................
TEMPERATURE (F)
 YESTERDAY
  MAXIMUM         81    355 PM  95    1928  73      8       81
  MINIMUM         46    522 AM  32    1976  47     -1       43
  AVERAGE         64                        60      4       62

PRECIPITATION (IN)
  YESTERDAY        0.00          2.21 1978   0.11  -0.11     0.00
  MONTH TO DATE    0.57                      0.43   0.14     0.00
  SINCE MAR 1      7.91                      7.32   0.59     8.55
  SINCE JAN 1     12.29                     13.39  -1.10    15.63

SNOWFALL (IN)
  YESTERDAY        0.0
  MONTH TO DATE    0.0
  SINCE MAR 1      2.5
  SINCE JUL 1     22.9
  SNOW DEPTH       0

DEGREE DAYS
 HEATING
  YESTERDAY        1                         6     -5        3
  MONTH TO DATE   26                        24      2       16
  SINCE MAR 1    905                       923    -18      877
  SINCE JUL 1   4594                      4347    247     4391

 COOLING
  YESTERDAY        0                         1     -1        0
  MONTH TO DATE    0                         4     -4        0
  SINCE MAR 1      8                        22    -14       19
  SINCE JAN 1      8                        22    -14       19
..................................................................


WIND (MPH)
  HIGHEST WIND SPEED    17   HIGHEST WIND DIRECTION     S (180)
  HIGHEST GUST SPEED    24   HIGHEST GUST DIRECTION     S (190)
  AVERAGE WIND SPEED     5.2


SKY COVER
  POSSIBLE SUNSHINE  MM
  AVERAGE SKY COVER 0.0


WEATHER CONDITIONS
 THE FOLLOWING WEATHER WAS RECORDED YESTERDAY.
  NO SIGNIFICANT WEATHER WAS OBSERVED.


RELATIVE HUMIDITY (PERCENT)
 HIGHEST   100           500 AM
 LOWEST     33           200 PM
 AVERAGE    67

..........................................................


THE LYNCHBURG VA CLIMATE NORMALS FOR TODAY
                         NORMAL    RECORD    YEAR
 MAXIMUM TEMPERATURE (F)   73        94      1902
 MINIMUM TEMPERATURE (F)   48        32      1997


SUNRISE AND SUNSET
MAY  5 2015...........SUNRISE   618 AM EDT   SUNSET   810 PM EDT
MAY  6 2015...........SUNRISE   617 AM EDT   SUNSET   811 PM EDT


-  INDICATES NEGATIVE NUMBERS.
R  INDICATES RECORD WAS SET OR TIED.
MM INDICATES DATA IS MISSING.
T  INDICATES TRACE AMOUNT.

$$
