000
CDUS42 KTAE 260632
CLIMAI


CLIMATE REPORT
NATIONAL WEATHER SERVICE TALLAHASSEE FL
231 AM EDT SUN APR 26 2015


...................................

...THE MARIANNA CLIMATE SUMMARY FOR APRIL 25 2015...

CLIMATE NORMAL PERIOD 1981 TO 2010
CLIMATE RECORD PERIOD 1950 TO 2015


WEATHER ITEM   OBSERVED NORMAL DEPARTURE LAST
                VALUE   VALUE  FROM      YEAR
                               NORMAL
...............................................
TEMPERATURE (F)
 YESTERDAY
  MAXIMUM         85     82      3       84
  MINIMUM         64     56      8       64
  AVERAGE         75     69      6       74

PRECIPITATION (IN)
  YESTERDAY        1.31   0.07   1.24     0.00
  MONTH TO DATE   10.95   3.42   7.53     7.65
  SINCE MAR 1     13.25   8.96   4.29    17.49
  SINCE JAN 1     20.43  18.94   1.49    24.82

DEGREE DAYS
 HEATING
  YESTERDAY        0            -1
  MONTH TO DATE    1           -58
  SINCE MAR 1    107          -132
  SINCE JUL 1   1685            41

 COOLING
  YESTERDAY       10             5
  MONTH TO DATE  183           100
  SINCE MAR 1    281           166
  SINCE JAN 1    287           157
...............................................


WIND (MPH)
  HIGHEST WIND SPEED    30   HIGHEST WIND DIRECTION     W (250)
  HIGHEST GUST SPEED    40   HIGHEST GUST DIRECTION     W (250)
  AVERAGE WIND SPEED     7.2




RELATIVE HUMIDITY (PERCENT)
 HIGHEST   100
 LOWEST     79
 AVERAGE    90

..........................................................




SUNRISE AND SUNSET
APRIL 26 2015.........SUNRISE   602 AM CDT   SUNSET   716 PM CDT
APRIL 27 2015.........SUNRISE   601 AM CDT   SUNSET   717 PM CDT


-  INDICATES NEGATIVE NUMBERS.
R  INDICATES RECORD WAS SET OR TIED.
MM INDICATES DATA IS MISSING.
T  INDICATES TRACE AMOUNT.




$$
