000
CDUS46 KHNX 260825
CLIMCE


CLIMATE REPORT
NATIONAL WEATHER SERVICE SAN JOAQUIN VALLEY, CA
124 AM PDT SUN APR 26 2015


...................................

...THE MERCED  CA CLIMATE SUMMARY FOR APRIL 25 2015...

CLIMATE NORMAL PERIOD 1981 TO 2010
CLIMATE RECORD PERIOD 1998 TO 2015


WEATHER ITEM   OBSERVED TIME   RECORD YEAR NORMAL DEPARTURE
                VALUE   (LST)  VALUE       VALUE  FROM
                                                  NORMAL
...............................................................
TEMPERATURE (F)
 YESTERDAY
  MAXIMUM         70    408 PM  92    2004  76     -6
  MINIMUM         51    555 AM  39    2009  47      4
  AVERAGE         61                        62     -1

PRECIPITATION (IN)
  YESTERDAY       MM             0.24 2014   0.03  MM
  MONTH TO DATE    0.36                      0.81  -0.45
  SINCE OCT 1      6.37                     11.34  -4.97
  SINCE JAN 1      1.62                      7.83  -6.21

SNOWFALL (IN)
  YESTERDAY        0.0
  MONTH TO DATE    0.0
  SINCE MAR 1      0.0
  SINCE JUL 1      0.0
  SNOW DEPTH       0

DEGREE DAYS
 HEATING
  YESTERDAY        4
  MONTH TO DATE  125
  SINCE MAR 1    255
  SINCE JUL 1   1719

 COOLING
  YESTERDAY        0
  MONTH TO DATE    8
  SINCE MAR 1     22
  SINCE JAN 1     22
...............................................................


WIND (MPH)
  HIGHEST WIND SPEED    21   HIGHEST WIND DIRECTION    NW (320)
  HIGHEST GUST SPEED    24   HIGHEST GUST DIRECTION    NW (320)
  AVERAGE WIND SPEED     7.8




RELATIVE HUMIDITY (PERCENT)
 HIGHEST   100
 LOWEST     40
 AVERAGE    70

..........................................................


THE MERCED  CA CLIMATE NORMALS FOR TODAY
                         NORMAL    RECORD    YEAR
 MAXIMUM TEMPERATURE (F)   77        95      2004
 MINIMUM TEMPERATURE (F)   47        40      2003


SUNRISE AND SUNSET
APRIL 26 2015.........SUNRISE   614 AM PDT   SUNSET   747 PM PDT
APRIL 27 2015.........SUNRISE   612 AM PDT   SUNSET   748 PM PDT


-  INDICATES NEGATIVE NUMBERS.
R  INDICATES RECORD WAS SET OR TIED.
MM INDICATES DATA IS MISSING.
T  INDICATES TRACE AMOUNT.




$$
