000
CDUS42 KMLB 250635
CLIMCO


CLIMATE REPORT
NATIONAL WEATHER SERVICE MELBOURNE FL
235 AM EDT SAT APR 25 2015


...................................

...THE ORLANDO  CLIMATE SUMMARY FOR APRIL 24 2015...

CLIMATE NORMAL PERIOD 1981 TO 2010
CLIMATE RECORD PERIOD 1892 TO 2015


WEATHER ITEM   OBSERVED TIME   RECORD YEAR NORMAL DEPARTURE LAST
                VALUE   (LST)  VALUE       VALUE  FROM      YEAR
                                                  NORMAL
..................................................................
TEMPERATURE (F)
 YESTERDAY
  MAXIMUM         86    400 PM  99    1923  84      2       88
  MINIMUM         70   1138 PM  45    1903  61      9       64
  AVERAGE         78                        73      5       76

PRECIPITATION (IN)
  YESTERDAY        0.00          2.18 1928   0.08  -0.08     0.00
  MONTH TO DATE    3.66                      2.24   1.42     2.35
  SINCE MAR 1      4.41                      6.01  -1.60     6.87
  SINCE JAN 1     12.51                     10.74   1.77    11.91

SNOWFALL (IN)
  YESTERDAY        0.0
  MONTH TO DATE    0.0
  SINCE MAR 1      0.0
  SINCE JUL 1      0.0

DEGREE DAYS
 HEATING
  YESTERDAY        0                         0      0        0
  MONTH TO DATE    0                        11    -11        0
  SINCE MAR 1     16                        70    -54       42
  SINCE JUL 1    486                       569    -83      406

 COOLING
  YESTERDAY       13                         8      5       11
  MONTH TO DATE  306                       149    157      175
  SINCE MAR 1    574                       267    307      282
  SINCE JAN 1    648                       371    277      432
..................................................................


WIND (MPH)
  HIGHEST WIND SPEED    15   HIGHEST WIND DIRECTION     E (70)
  HIGHEST GUST SPEED    18   HIGHEST GUST DIRECTION    NE (30)
  AVERAGE WIND SPEED     8.0


SKY COVER
  AVERAGE SKY COVER 0.4


WEATHER CONDITIONS
 THE FOLLOWING WEATHER WAS RECORDED YESTERDAY.
  NO SIGNIFICANT WEATHER WAS OBSERVED.


RELATIVE HUMIDITY (PERCENT)
 HIGHEST    93           100 AM
 LOWEST     51           300 PM
 AVERAGE    72

..........................................................


THE ORLANDO  CLIMATE NORMALS FOR TODAY
                         NORMAL    RECORD    YEAR
 MAXIMUM TEMPERATURE (F)   84        97      1908
 MINIMUM TEMPERATURE (F)   62        44      2012


SUNRISE AND SUNSET
APRIL 25 2015.........SUNRISE   650 AM EDT   SUNSET   757 PM EDT
APRIL 26 2015.........SUNRISE   649 AM EDT   SUNSET   757 PM EDT


-  INDICATES NEGATIVE NUMBERS.
R  INDICATES RECORD WAS SET OR TIED.
MM INDICATES DATA IS MISSING.
T  INDICATES TRACE AMOUNT.




$$
