000
CDUS43 KIND 210532
CLIMIE


CLIMATE REPORT
NATIONAL WEATHER SERVICE INDIANAPOLIS IN
131 AM EDT TUE APR 21 2015


...................................

...THE MUNCIE IN CLIMATE SUMMARY FOR APRIL 20 2015...

CLIMATE NORMAL PERIOD 1981 TO 2010
CLIMATE RECORD PERIOD 9999 TO 9999


WEATHER ITEM   OBSERVED TIME   NORMAL DEPARTURE LAST
                VALUE   (LST)  VALUE  FROM      YEAR
                                      NORMAL
......................................................
TEMPERATURE (F)
 YESTERDAY
  MAXIMUM         60   1240 AM  64     -4       74
  MINIMUM         45   1052 PM  43      2       35
  AVERAGE         53            53      0       55

PRECIPITATION (IN)
  YESTERDAY        0.35          0.12   0.23     0.00
  MONTH TO DATE    3.11          2.45   0.66     4.63
  SINCE MAR 1      6.13          5.40   0.73     6.16
  SINCE JAN 1      9.07          9.94  -0.87     9.12

DEGREE DAYS
 HEATING
  YESTERDAY       12            12      0       10
  MONTH TO DATE  191           316   -125      307
  SINCE MAR 1   1057          1103    -46     1259
  SINCE JUL 1   5922          5486    436     6169

 COOLING
  YESTERDAY        0             1     -1        0
  MONTH TO DATE    3             3      0        6
  SINCE MAR 1      3             4     -1        6
  SINCE JAN 1      3             4     -1        6
......................................................


WIND (MPH)
  HIGHEST WIND SPEED    30   HIGHEST WIND DIRECTION     W (270)
  HIGHEST GUST SPEED    43   HIGHEST GUST DIRECTION     W (260)
  AVERAGE WIND SPEED    17.4


SKY COVER
  AVERAGE SKY COVER 0.9


WEATHER CONDITIONS
 THE FOLLOWING WEATHER WAS RECORDED YESTERDAY.
  HEAVY RAIN
  RAIN
  LIGHT RAIN
  FOG


RELATIVE HUMIDITY (PERCENT)
 HIGHEST    86           300 AM
 LOWEST     61           700 PM
 AVERAGE    74

..........................................................


THE MUNCIE IN CLIMATE NORMALS FOR TODAY
                         NORMAL
 MAXIMUM TEMPERATURE (F)   64
 MINIMUM TEMPERATURE (F)   43


SUNRISE AND SUNSET
APRIL 21 2015.........SUNRISE   655 AM EDT   SUNSET   826 PM EDT
APRIL 22 2015.........SUNRISE   654 AM EDT   SUNSET   827 PM EDT


-  INDICATES NEGATIVE NUMBERS.
R  INDICATES RECORD WAS SET OR TIED.
MM INDICATES DATA IS MISSING.
T  INDICATES TRACE AMOUNT.




$$
