000
CDUS44 KMOB 050630
CLIMOB


CLIMATE REPORT
NATIONAL WEATHER SERVICE MOBILE AL
129 AM CDT TUE MAY 5 2015


...................................

...THE MOBILE CLIMATE SUMMARY FOR MAY 4 2015...

CLIMATE NORMAL PERIOD 1981 TO 2010
CLIMATE RECORD PERIOD 1842 TO 2015


WEATHER ITEM   OBSERVED TIME   RECORD YEAR NORMAL DEPARTURE LAST
                VALUE   (LST)  VALUE       VALUE  FROM      YEAR
                                                  NORMAL
..................................................................
TEMPERATURE (F)
 YESTERDAY
  MAXIMUM         83    232 PM  94    1952  82      1       87
  MINIMUM         62    532 AM  43    2013  60      2       57
  AVERAGE         73                        71      2       72

PRECIPITATION (IN)
  YESTERDAY        0.00          1.48 1912   0.16  -0.16     0.00
  MONTH TO DATE    0.00                      0.61  -0.61      T
  SINCE MAR 1     17.86                     11.54   6.32    24.59
  SINCE JAN 1     23.91                     22.31   1.60    31.71

DEGREE DAYS
 COOLING
  YESTERDAY        8                         6      2        7
  MONTH TO DATE   11                        24    -13        8
  SINCE MAR 1    286                       167    119      111
  SINCE JAN 1    290                       183    107      123
..................................................................


WIND (MPH)
  HIGHEST WIND SPEED    20   HIGHEST WIND DIRECTION    SE (150)
  HIGHEST GUST SPEED    25   HIGHEST GUST DIRECTION    SE (130)
  AVERAGE WIND SPEED     9.0


SKY COVER
  POSSIBLE SUNSHINE  MM
  AVERAGE SKY COVER 0.2


WEATHER CONDITIONS
 THE FOLLOWING WEATHER WAS RECORDED YESTERDAY.
  NO SIGNIFICANT WEATHER WAS OBSERVED.


RELATIVE HUMIDITY (PERCENT)
 HIGHEST   100           100 AM
 LOWEST     42           400 PM
 AVERAGE    71

..........................................................


THE MOBILE CLIMATE NORMALS FOR TODAY
                         NORMAL    RECORD    YEAR
 MAXIMUM TEMPERATURE (F)   82        94      1952
 MINIMUM TEMPERATURE (F)   61        46      1954
                                             1921


SUNRISE AND SUNSET
MAY  5 2015...........SUNRISE   606 AM CDT   SUNSET   734 PM CDT
MAY  6 2015...........SUNRISE   605 AM CDT   SUNSET   735 PM CDT


-  INDICATES NEGATIVE NUMBERS.
R  INDICATES RECORD WAS SET OR TIED.
MM INDICATES DATA IS MISSING.
T  INDICATES TRACE AMOUNT.




$$
