000
CDUS46 KSTO 280838
CLIMOD


CLIMATE REPORT
NATIONAL WEATHER SERVICE SACRAMENTO, CA
135 AM PDT TUE APR 28 2015


...................................

...THE MODESTO CA CLIMATE SUMMARY FOR APRIL 27 2015...

CLIMATE NORMAL PERIOD 1981 TO 2010
CLIMATE RECORD PERIOD 1931 TO 2015


WEATHER ITEM   OBSERVED TIME   RECORD YEAR NORMAL DEPARTURE LAST
                VALUE   (LST)  VALUE       VALUE  FROM      YEAR
                                                  NORMAL
..................................................................
TEMPERATURE (F)
 YESTERDAY
  MAXIMUM         87    446 PM  98    2004  78      9       72
  MINIMUM         53    524 AM  36    1970  51      2       47
  AVERAGE         70

PRECIPITATION (IN)
  YESTERDAY        0.00          0.68 1954   0.02  -0.02     0.00
  MONTH TO DATE    0.63                      0.89  -0.26     0.95
  SINCE OCT 1      9.98                     12.00  -2.02     6.86
  SINCE JAN 1      2.58                      7.92  -5.34     5.50

SNOWFALL (IN)
  YESTERDAY        0.0          MM      MM
  MONTH TO DATE    0.0
  SINCE MAR 1      0.0
  SINCE JUL 1      0.0
  SNOW DEPTH       0

DEGREE DAYS
 HEATING
  YESTERDAY        0                         3     -3        5
  MONTH TO DATE   83                       123    -40       97
  SINCE MAR 1    177                       360   -183      258
  SINCE JUL 1   1589                      2128   -539     1956

 COOLING
  YESTERDAY        5                         2      3        0
  MONTH TO DATE   25                        31     -6       47
  SINCE MAR 1     57                        36     21       47
  SINCE JAN 1     57                        36     21       47
..................................................................


WIND (MPH)
  RESULTANT WIND SPEED   1   RESULTANT WIND DIRECTION   N (20)
  HIGHEST WIND SPEED    15   HIGHEST WIND DIRECTION    NW (310)
  HIGHEST GUST SPEED    20   HIGHEST GUST DIRECTION    NW (310)


SKY COVER
  POSSIBLE SUNSHINE  MM
  AVERAGE SKY COVER 0.0


WEATHER CONDITIONS
 THE FOLLOWING WEATHER WAS RECORDED YESTERDAY.
  NO SIGNIFICANT WEATHER WAS OBSERVED.


RELATIVE HUMIDITY (PERCENT)
 HIGHEST    77           500 AM
 LOWEST     21           500 PM
 AVERAGE    49

..........................................................


THE MODESTO CA CLIMATE NORMALS FOR TODAY
                         NORMAL    RECORD    YEAR
 MAXIMUM TEMPERATURE (F)   78        95      2007
 MINIMUM TEMPERATURE (F)   52        35      1970


SUNRISE AND SUNSET
APRIL 28 2015.........SUNRISE   612 AM PDT   SUNSET   751 PM PDT
APRIL 29 2015.........SUNRISE   611 AM PDT   SUNSET   752 PM PDT


-  INDICATES NEGATIVE NUMBERS.
R  INDICATES RECORD WAS SET OR TIED.
MM INDICATES DATA IS MISSING.
T  INDICATES TRACE AMOUNT.




$$
