000
CDUS41 KBTV 030553
CLIMPV


CLIMATE REPORT
NATIONAL WEATHER SERVICE BURLINGTON VT
148 AM EDT SUN MAY 3 2015


...................................

...THE MONTPELIER VT CLIMATE SUMMARY FOR MAY 2 2015...

CLIMATE NORMAL PERIOD 1981 TO 2010
CLIMATE RECORD PERIOD 1948 TO 2015


WEATHER ITEM   OBSERVED TIME   RECORD YEAR NORMAL DEPARTURE LAST
                VALUE   (LST)  VALUE       VALUE  FROM      YEAR
                                                  NORMAL
..................................................................
TEMPERATURE (F)
 YESTERDAY
  MAXIMUM         70    432 PM  85    2001  61      9       57
  MINIMUM         35    512 AM  25    1956  37     -2       36
  AVERAGE         53                        49      4       47

PRECIPITATION (IN)
  YESTERDAY        0.00          1.17        0.10  -0.10      T
  MONTH TO DATE    0.00                      0.20  -0.20     0.43
  SINCE MAR 1      2.90                      5.25  -2.35     5.58
  SINCE JAN 1      5.77                      9.74  -3.97     9.89

DEGREE DAYS
 HEATING
  YESTERDAY       12                        16     -4       18
  MONTH TO DATE   27                        32     -5       32
  SINCE MAR 1   2101                      1828    273     2211
  SINCE JUL 1   8439                      7736    703     8376

 COOLING
  YESTERDAY        0                         0      0        0
  MONTH TO DATE    0                         0      0        0
  SINCE MAR 1      0                         1     -1        0
  SINCE JAN 1      0                         1     -1        0
..................................................................


WIND (MPH)
  HIGHEST WIND SPEED    13   HIGHEST WIND DIRECTION     N (360)
  HIGHEST GUST SPEED    16   HIGHEST GUST DIRECTION     N (350)
  AVERAGE WIND SPEED     2.6


SKY COVER
  AVERAGE SKY COVER 0.3


WEATHER CONDITIONS
 THE FOLLOWING WEATHER WAS RECORDED YESTERDAY.
  FOG
  FOG W/VISIBILITY <= 1/4 MILE


RELATIVE HUMIDITY (PERCENT)
 HIGHEST   100           500 AM
 LOWEST     25           200 PM
 AVERAGE    63

..........................................................


THE MONTPELIER VT CLIMATE NORMALS FOR TODAY
                         NORMAL    RECORD    YEAR
 MAXIMUM TEMPERATURE (F)   62        85      2001
 MINIMUM TEMPERATURE (F)   38        20      1966


SUNRISE AND SUNSET
MAY  3 2015...........SUNRISE   539 AM EDT   SUNSET   756 PM EDT
MAY  4 2015...........SUNRISE   538 AM EDT   SUNSET   757 PM EDT


-  INDICATES NEGATIVE NUMBERS.
R  INDICATES RECORD WAS SET OR TIED.
MM INDICATES DATA IS MISSING.
T  INDICATES TRACE AMOUNT.




$$
