000
CDUS41 KLWX 060528
CLIMRB


CLIMATE REPORT
NATIONAL WEATHER SERVICE BALTIMORE MD/WASHINGTON DC
127 AM EDT WED MAY 6 2015


...................................

...THE MARTINSBURG WV CLIMATE SUMMARY FOR MAY 5 2015...

CLIMATE NORMAL PERIOD 1981 TO 2010
CLIMATE RECORD PERIOD 1926 TO 2015


WEATHER ITEM   OBSERVED TIME   RECORD YEAR NORMAL DEPARTURE LAST
                VALUE   (LST)  VALUE       VALUE  FROM      YEAR
                                                  NORMAL
..................................................................
TEMPERATURE (F)
 YESTERDAY
  MAXIMUM         81    234 PM  90    1980  70     11       65
  MINIMUM         58    542 AM  30    1966  46     12       41
  AVERAGE         70                        58     12       53

PRECIPITATION (IN)
  YESTERDAY        T             1.63 1989   0.13  -0.13     0.19
  MONTH TO DATE    T                         0.65  -0.65     0.21
  SINCE MAR 1      5.62                      7.51  -1.89     6.04
  SINCE JAN 1      7.91                     12.29  -4.38     9.79

DEGREE DAYS
 HEATING
  YESTERDAY        0                         8     -8       12
  MONTH TO DATE   14                        41    -27       32
  SINCE MAR 1   1041                      1142   -101     1229
  SINCE JUL 1   4964                      5098   -134     5322

 COOLING
  YESTERDAY        5                         1      4        0
  MONTH TO DATE    6                         5      1        0
  SINCE MAR 1      7                        14     -7        7
  SINCE JAN 1      7                        14     -7        7
..................................................................


WIND (MPH)
  HIGHEST WIND SPEED    16   HIGHEST WIND DIRECTION     S (200)
  HIGHEST GUST SPEED    23   HIGHEST GUST DIRECTION     S (190)
  AVERAGE WIND SPEED     3.8


SKY COVER
  POSSIBLE SUNSHINE  MM
  AVERAGE SKY COVER 0.5


WEATHER CONDITIONS
 THE FOLLOWING WEATHER WAS RECORDED YESTERDAY.
  LIGHT RAIN


RELATIVE HUMIDITY (PERCENT)
 HIGHEST    81          1000 PM
 LOWEST     45          1100 AM
 AVERAGE    63

..........................................................


THE MARTINSBURG WV CLIMATE NORMALS FOR TODAY
                         NORMAL    RECORD    YEAR
 MAXIMUM TEMPERATURE (F)   70        93      1928
 MINIMUM TEMPERATURE (F)   47        36      1974


SUNRISE AND SUNSET
MAY  6 2015...........SUNRISE   608 AM EDT   SUNSET   810 PM EDT
MAY  7 2015...........SUNRISE   606 AM EDT   SUNSET   811 PM EDT


-  INDICATES NEGATIVE NUMBERS.
R  INDICATES RECORD WAS SET OR TIED.
MM INDICATES DATA IS MISSING.
T  INDICATES TRACE AMOUNT.




$$
