000
CDUS44 KHUN 210705
CLIMSL


CLIMATE REPORT
NATIONAL WEATHER SERVICE HUNTSVILLE AL
205 AM CDT TUE APR 21 2015


...................................

...THE MUSCLE SHOALS CLIMATE SUMMARY FOR APRIL 20 2015...

CLIMATE NORMAL PERIOD 1981 TO 2010
CLIMATE RECORD PERIOD 1893 TO 2015


WEATHER ITEM   OBSERVED TIME   RECORD YEAR NORMAL DEPARTURE LAST
                VALUE   (LST)  VALUE       VALUE  FROM      YEAR
                                                  NORMAL
..................................................................
TEMPERATURE (F)
 YESTERDAY
  MAXIMUM         67   1208 AM  89    2002  75     -8       79
                                      1987
                                      1971
  MINIMUM         48   1159 PM  31    1907  51     -3       44
  AVERAGE         58                        63     -5       62

PRECIPITATION (IN)
  YESTERDAY        0.24          2.64 1995   0.14   0.10     0.00
  MONTH TO DATE    3.89                      2.90   0.99     3.28
  SINCE MAR 1     10.47                      7.66   2.81     5.90
  SINCE JAN 1     17.75                     16.93   0.82    11.59

SNOWFALL (IN)
  YESTERDAY        0.0
  MONTH TO DATE    0.0
  SINCE MAR 1      0.7
  SINCE JUL 1      4.2
  SNOW DEPTH       0

DEGREE DAYS
 HEATING
  YESTERDAY        7                         4      3        3
  MONTH TO DATE   44                       128    -84      127
  SINCE MAR 1    392                       506   -114      570
  SINCE JUL 1   3163                      3041    122     3341

 COOLING
  YESTERDAY        0                         2     -2        0
  MONTH TO DATE   52                        28     24       27
  SINCE MAR 1     54                        40     14       27
  SINCE JAN 1     54                        41     13       27
..................................................................


WIND (MPH)
  HIGHEST WIND SPEED    26   HIGHEST WIND DIRECTION     W (250)
  HIGHEST GUST SPEED    39   HIGHEST GUST DIRECTION     W (250)
  AVERAGE WIND SPEED     9.2


SKY COVER
  POSSIBLE SUNSHINE  MM
  AVERAGE SKY COVER 0.5


WEATHER CONDITIONS
 THE FOLLOWING WEATHER WAS RECORDED YESTERDAY.
  THUNDERSTORM
  RAIN
  LIGHT RAIN
  FOG


RELATIVE HUMIDITY (PERCENT)
 HIGHEST    87           500 AM
 LOWEST     48           400 PM
 AVERAGE    68

..........................................................


THE MUSCLE SHOALS CLIMATE NORMALS FOR TODAY
                         NORMAL    RECORD    YEAR
 MAXIMUM TEMPERATURE (F)   75        91      1987
                                             1925
 MINIMUM TEMPERATURE (F)   51        33      1953


SUNRISE AND SUNSET
APRIL 21 2015.........SUNRISE   612 AM CDT   SUNSET   727 PM CDT
APRIL 22 2015.........SUNRISE   610 AM CDT   SUNSET   728 PM CDT


-  INDICATES NEGATIVE NUMBERS.
R  INDICATES RECORD WAS SET OR TIED.
MM INDICATES DATA IS MISSING.
T  INDICATES TRACE AMOUNT.




$$
