000
CDUS45 KPSR 270816
CLINYL

CLIMATE REPORT
NATIONAL WEATHER SERVICE PHOENIX AZ
111 AM MST MON APR 27 2015


...................................

...THE YUMA AZ CLIMATE SUMMARY FOR APRIL 26 2015...

CLIMATE NORMAL PERIOD 1981 TO 2010
CLIMATE RECORD PERIOD 1876 TO 2015


WEATHER ITEM   OBSERVED TIME   RECORD YEAR NORMAL DEPARTURE LAST
                VALUE   (LST)  VALUE       VALUE  FROM      YEAR
                                                  NORMAL
..................................................................
TEMPERATURE (F)
 YESTERDAY
  MAXIMUM         86    425 PM 104    2004  89     -3       76
  MINIMUM         57    600 AM  46    1921  62     -5       58
  AVERAGE         72                        76     -4       67

PRECIPITATION (IN)
  YESTERDAY        0.00          0.71 1931   0.00   0.00     0.00
  MONTH TO DATE    T                         0.14  -0.14     0.00
  SINCE OCT 1      0.95                      2.17  -1.22     1.18
  SINCE JAN 1      0.51                      1.23  -0.72     0.07

DEGREE DAYS
 HEATING
  YESTERDAY        0                         0      0        0
  MONTH TO DATE    0                        12    -12        5
  SINCE MAR 1     23                        62    -39        9
  SINCE JUL 1     83                       685   -602      370

 COOLING
  YESTERDAY        7                        11     -4        2
  MONTH TO DATE  215                       206      9      272
  SINCE MAR 1    510                       323    187      457
  SINCE JAN 1    621                       359    262      571
..................................................................


WIND (MPH)
  HIGHEST WIND SPEED    22   HIGHEST WIND DIRECTION     N (350)
  HIGHEST GUST SPEED    33   HIGHEST GUST DIRECTION     N (350)
  AVERAGE WIND SPEED     8.4


SKY COVER
  AVERAGE SKY COVER 0.0


WEATHER CONDITIONS
 THE FOLLOWING WEATHER WAS RECORDED YESTERDAY.
  NO SIGNIFICANT WEATHER WAS OBSERVED.


RELATIVE HUMIDITY (PERCENT)
 HIGHEST    67
 LOWEST     10
 AVERAGE    39

..........................................................


THE YUMA AZ CLIMATE NORMALS FOR TODAY
                         NORMAL    RECORD    YEAR
 MAXIMUM TEMPERATURE (F)   90       104      1992
 MINIMUM TEMPERATURE (F)   63        46      1955


SUNRISE AND SUNSET
APRIL 27 2015.........SUNRISE   556 AM MST   SUNSET   717 PM MST
APRIL 28 2015.........SUNRISE   555 AM MST   SUNSET   718 PM MST


-  INDICATES NEGATIVE NUMBERS.
R  INDICATES RECORD WAS SET OR TIED.
MM INDICATES DATA IS MISSING.
T  INDICATES TRACE AMOUNT.

$$
