000
CDUS42 KCAE 180655
CLIOGB


CLIMATE REPORT
NATIONAL WEATHER SERVICE COLUMBIA SC
255 AM EDT SAT APR 18 2015


...................................

...THE ORANGEBURG AIRPORT SC CLIMATE SUMMARY FOR APRIL 17 2015...

CLIMATE NORMAL PERIOD 1981 TO 2010
CLIMATE RECORD PERIOD 9999 TO 9999


WEATHER ITEM   OBSERVED TIME   NORMAL DEPARTURE LAST
                VALUE   (LST)  VALUE  FROM      YEAR
                                      NORMAL
......................................................
TEMPERATURE (F)
 YESTERDAY
  MAXIMUM         73    256 PM  77     -4       67
  MINIMUM         57    132 AM  51      6       41
  AVERAGE         65            64      1       54

PRECIPITATION (IN)
  YESTERDAY        0.03          0.09  -0.06     0.00
  MONTH TO DATE    1.03          1.76  -0.73     1.28
  SINCE MAR 1      4.00          5.74  -1.74     4.15
  SINCE JAN 1     10.85         13.31  -2.46    10.07

DEGREE DAYS
 HEATING
  YESTERDAY        0             3     -3       11
  MONTH TO DATE   18            79    -61       53
  SINCE MAR 1    226           356   -130      439
  SINCE JUL 1   2300          2288     12     2303

 COOLING
  YESTERDAY        0             2     -2        0
  MONTH TO DATE   69            29     40       31
  SINCE MAR 1     95            46     49       33
  SINCE JAN 1     95            49     46       39
......................................................


WIND (MPH)
  HIGHEST WIND SPEED     9   HIGHEST WIND DIRECTION     N (20)
  HIGHEST GUST SPEED    15   HIGHEST GUST DIRECTION    NE (30)
  AVERAGE WIND SPEED     4.2


SKY COVER
  AVERAGE SKY COVER 1.0


WEATHER CONDITIONS
 THE FOLLOWING WEATHER WAS RECORDED YESTERDAY.
  RAIN
  LIGHT RAIN
  FOG
  HAZE


RELATIVE HUMIDITY (PERCENT)
 HIGHEST    93          1200 AM
 LOWEST     68           300 PM

..........................................................


THE ORANGEBURG AIRPORT SC CLIMATE NORMALS FOR TODAY
                         NORMAL    RECORD    YEAR
 MAXIMUM TEMPERATURE (F)   77        MM        MM
 MINIMUM TEMPERATURE (F)   51        MM        MM


SUNRISE AND SUNSET
APRIL 18 2015.........SUNRISE   650 AM EDT   SUNSET   756 PM EDT
APRIL 19 2015.........SUNRISE   649 AM EDT   SUNSET   757 PM EDT


-  INDICATES NEGATIVE NUMBERS.
R  INDICATES RECORD WAS SET OR TIED.
MM INDICATES DATA IS MISSING.
T  INDICATES TRACE AMOUNT.




$$
