000
CDUS46 KSGX 190018
CLIOKB


CLIMATE REPORT
NATIONAL WEATHER SERVICE SAN DIEGO, CA
518 PM PDT SAT APR 18 2015


...................................

...THE OCEANSIDE AIRPORT CA CLIMATE SUMMARY FOR APRIL 18 2015...
VALID TODAY AS OF 0500 PM LOCAL TIME.

CLIMATE NORMAL PERIOD 1981 TO 2010
CLIMATE RECORD PERIOD 1999 TO 2015


WEATHER ITEM   OBSERVED TIME   RECORD YEAR NORMAL DEPARTURE LAST
                VALUE   (LST)  VALUE       VALUE  FROM      YEAR
                                                  NORMAL
..................................................................
TEMPERATURE (F)
 TODAY
  MAXIMUM         74    100 PM  81    2013  68      6       70
  MINIMUM         41    506 AM  40    2009  50     -9       54
  AVERAGE         58                        59     -1       62

PRECIPITATION (IN)
  TODAY            0.00          0.05 2010   0.03  -0.03     0.00
  MONTH TO DATE    T                         0.61  -0.61     0.30
  SINCE OCT 1      5.88                     12.42  -6.54     4.16
  SINCE JAN 1      1.48                      8.54  -7.06     2.57

SNOWFALL (IN)
  TODAY            0.0
  MONTH TO DATE    0.0
  SINCE MAR 1      0.0
  SINCE JUL 1      0.0
  SNOW DEPTH       0

DEGREE DAYS
 HEATING
  TODAY            7                         6      1        3
  MONTH TO DATE   97                       129    -32      105
  SINCE MAR 1    221                       419   -198      273
  SINCE JUL 1   1095                      1827   -732     1445

 COOLING
  TODAY            0                         0      0        0
  MONTH TO DATE    0                         0      0        2
  SINCE MAR 1     31                         1     30        4
  SINCE JAN 1     31                         1     30        4
..................................................................


WIND (MPH)
  RESULTANT WIND SPEED   4   RESULTANT WIND DIRECTION  SW (240)
  HIGHEST WIND SPEED    14   HIGHEST WIND DIRECTION    SW (240)
  HIGHEST GUST SPEED    19   HIGHEST GUST DIRECTION    SW (240)
  AVERAGE WIND SPEED     4.9


SKY COVER
  POSSIBLE SUNSHINE  MM
  AVERAGE SKY COVER 0.0


WEATHER CONDITIONS
 THE FOLLOWING WEATHER WAS RECORDED TODAY.
  NO SIGNIFICANT WEATHER WAS OBSERVED.


RELATIVE HUMIDITY (PERCENT)
 HIGHEST    71           100 AM
 LOWEST     32           800 AM
 AVERAGE    52

..........................................................


THE OCEANSIDE AIRPORT CA CLIMATE NORMALS FOR TOMORROW
                         NORMAL    RECORD    YEAR
 MAXIMUM TEMPERATURE (F)   68        90      2009
 MINIMUM TEMPERATURE (F)   50        38      2013


SUNRISE AND SUNSET
APRIL 18 2015.........SUNRISE   616 AM PDT   SUNSET   722 PM PDT
APRIL 19 2015.........SUNRISE   615 AM PDT   SUNSET   723 PM PDT


-  INDICATES NEGATIVE NUMBERS.
R  INDICATES RECORD WAS SET OR TIED.
MM INDICATES DATA IS MISSING.
T  INDICATES TRACE AMOUNT.




$$
