000
CDUS44 KOUN 060637
CLIOKC

CLIMATE REPORT
NATIONAL WEATHER SERVICE NORMAN OK
137 AM CDT WED MAY 6 2015


...................................

...THE OKLAHOMA CITY CLIMATE SUMMARY FOR MAY 5 2015...

CLIMATE NORMAL PERIOD 1981 TO 2010
CLIMATE RECORD PERIOD 1890 TO 2015


WEATHER ITEM   OBSERVED TIME   RECORD YEAR NORMAL DEPARTURE LAST
                VALUE   (LST)  VALUE       VALUE  FROM      YEAR
                                                  NORMAL
..................................................................
TEMPERATURE (F)
 YESTERDAY
  MAXIMUM         74   1206 PM  97    2014  78     -4       97
  MINIMUM         59    331 AM  37    1917  56      3       64
  AVERAGE         67                        67      0       81

PRECIPITATION (IN)
  YESTERDAY        1.99          4.24 1899   0.14   1.85     0.00
  MONTH TO DATE    1.99                      0.71   1.28     0.00
  SINCE JAN 1     11.17                      9.81   1.36     2.69

DEGREE DAYS
 COOLING
  YESTERDAY        2                         4     -2       16
  MONTH TO DATE   20                        17      3       30
  SINCE JAN 1     82                        83     -1       96
..................................................................


WIND (MPH)
  HIGHEST WIND SPEED    39   HIGHEST WIND DIRECTION     W (250)
  HIGHEST GUST SPEED    48   HIGHEST GUST DIRECTION     W (250)
  AVERAGE WIND SPEED    13.4


SKY COVER
  AVERAGE SKY COVER 0.9


WEATHER CONDITIONS
 THE FOLLOWING WEATHER WAS RECORDED YESTERDAY.
  THUNDERSTORM
  HEAVY RAIN
  RAIN
  LIGHT RAIN
  FOG


RELATIVE HUMIDITY (PERCENT)
 HIGHEST    93           300 PM
 LOWEST     61          1100 AM
 AVERAGE    77

..........................................................


THE OKLAHOMA CITY CLIMATE NORMALS FOR TODAY
                         NORMAL    RECORD    YEAR
 MAXIMUM TEMPERATURE (F)   78        92      2014
                                             1918
 MINIMUM TEMPERATURE (F)   57        37      1944


SUNRISE AND SUNSET
MAY  6 2015...........SUNRISE   634 AM CDT   SUNSET   821 PM CDT
MAY  7 2015...........SUNRISE   633 AM CDT   SUNSET   821 PM CDT


-  INDICATES NEGATIVE NUMBERS.
R  INDICATES RECORD WAS SET OR TIED.
MM INDICATES DATA IS MISSING.
T  INDICATES TRACE AMOUNT.




$$
