000
CDUS43 KOAX 030646
CLIOMA


CLIMATE REPORT
NATIONAL WEATHER SERVICE OMAHA NEBRASKA
146 AM CDT SUN MAY 3 2015


...................................

...THE OMAHA EPPLEY, NEBRASKA CLIMATE SUMMARY FOR MAY 2 2015...

CLIMATE NORMAL PERIOD 1981 TO 2010
CLIMATE RECORD PERIOD 1871 TO 2015


WEATHER ITEM   OBSERVED TIME   RECORD YEAR NORMAL DEPARTURE LAST
                VALUE   (LST)  VALUE       VALUE  FROM      YEAR
                                                  NORMAL
..................................................................
TEMPERATURE (F)
 YESTERDAY
  MAXIMUM         73    547 PM  92    1965  69      4       74
  MINIMUM         54   1207 AM  28    1875  46      8       37
  AVERAGE         64                        58      6       56

PRECIPITATION (IN)
  YESTERDAY        0.55          2.99 1959   0.13   0.42      T
  MONTH TO DATE    0.55                      0.26   0.29     0.01
  SINCE MAR 1      4.76                      5.21  -0.45     2.84
  SINCE JAN 1      5.90                      6.78  -0.88     3.70

SNOWFALL (IN)
  YESTERDAY        0.0                       0.0    0.0      0.0
  MONTH TO DATE    0.0                       0.0    0.0      0.0
  SINCE JUL 1     13.8                      26.4  -12.6     17.8
  SNOW DEPTH       0

DEGREE DAYS
 HEATING
  YESTERDAY        1                         8     -7        9
  MONTH TO DATE    6                        16    -10       27
  SINCE MAR 1    977                      1220   -243     1309
  SINCE JUL 1   5688                      6018   -330     6414

 COOLING
  YESTERDAY        0                         1     -1        0
  MONTH TO DATE    0                         2     -2        0
  SINCE MAR 1      5                        18    -13       15
  SINCE JAN 1      5                        18    -13       15
..................................................................


WIND (MPH)
  HIGHEST WIND SPEED    28   HIGHEST WIND DIRECTION     S (180)
  HIGHEST GUST SPEED    35   HIGHEST GUST DIRECTION     S (170)
  AVERAGE WIND SPEED    15.1


SKY COVER
  POSSIBLE SUNSHINE  MM
  AVERAGE SKY COVER 0.6


WEATHER CONDITIONS
 THE FOLLOWING WEATHER WAS RECORDED YESTERDAY.
  THUNDERSTORM
  RAIN
  LIGHT RAIN
  FOG


RELATIVE HUMIDITY (PERCENT)
 HIGHEST    93           800 AM
 LOWEST     53           200 PM
 AVERAGE    73

..........................................................


THE OMAHA EPPLEY, NEBRASKA CLIMATE NORMALS FOR TODAY
                         NORMAL    RECORD    YEAR
 MAXIMUM TEMPERATURE (F)   70        92      1949
 MINIMUM TEMPERATURE (F)   47        26      1907


SUNRISE AND SUNSET
MAY  3 2015...........SUNRISE   619 AM CDT   SUNSET   823 PM CDT
MAY  4 2015...........SUNRISE   617 AM CDT   SUNSET   824 PM CDT


-  INDICATES NEGATIVE NUMBERS.
R  INDICATES RECORD WAS SET OR TIED.
MM INDICATES DATA IS MISSING.
T  INDICATES TRACE AMOUNT.




$$
