000
CDAK49 PAOM 261045
CLIOME

CLIMATE REPORT
NATIONAL WEATHER SERVICE NOME, AK
245 AM AKDT SUN APR 26 2015

...................................
...THE NOME WSO AP CLIMATE SUMMARY FOR APRIL 25 2015...

CLIMATE NORMAL PERIOD  1981 TO  2010
CLIMATE RECORD PERIOD  1906 TO  2015

WEATHER ITEM   OBSERVED TIME    RECORD YEAR NORMAL DEPARTURE LAST
               VALUE    (LST)   VALUE       VALUE  FROM      YEAR
                                                   NORMAL
...................................................................
TEMPERATURE
YESTERDAY
 MAXIMUM            45  0217 PM    60  1940     32      13     46
 MINIMUM            29  1159 PM   -17  1964     20       9     33
 AVERAGE            37                          26      11     40

PRECIPITATION
(INCHES)
 YESTERDAY        0.00           0.30  1948   0.03   -0.03   0.00
 MONTH TO DATE    0.61                        0.62   -0.01   0.27
 SINCE MAR 1      1.31                        1.27    0.04   0.80
 SINCE JAN 1      2.95                        3.14   -0.19   2.97

SNOWFALL
(INCHES)
 YESTERDAY         0.0            3.0  1910    0.3    -0.3    0.0
 MONTH TO DATE     7.6                         6.6     1.0    2.5
 SINCE MAR 1      16.4                        15.5     0.9   14.8
 SINCE JUL 1      59.7                        72.2   -12.5   69.1
 SNOW DEPTH (IN)     6                                          T

DEGREE DAYS
 HEATING
  YESTERDAY         28                          39     -11     25
  MONTH TO DATE   1139                        1149     -10    948
  SINCE MAR 1     2946                        2845     101   2575
  SINCE JUL 1    11110                       12127   -1017  10729

 COOLING
  YESTERDAY          0                           0       0      0
  MONTH TO DATE      0                           0       0      0
  SINCE MAR 1        0                           0       0      0
  SINCE JAN 1        0                           0       0      0
...................................................................

WIND (MPH)
 HIGHEST WIND SPEED    12     HIGHEST WIND DIRECTION    360
 HIGHEST GUST SPEED    14     HIGHEST GUST DIRECTION    360
 AVERAGE WIND SPEED   6.1

SKY COVER
  POSSIBLE SUNSHINE    MM          AVERAGE SKY COVER     MM

WEATHER CONDITIONS
 THE FOLLOWING WEATHER WAS RECORDED YESTERDAY.
  NO SIGNIFICANT WEATHER WAS OBSERVED.

RELATIVE HUMIDITY
 HIGHEST RH     MM PERCENT       MM
 LOWEST  RH     MM PERCENT       MM
 AVERAGE RH     MM PERCENT       MM
...................................................................

THE NOME CLIMATE NORMALS FOR TODAY
                           NORMAL    RECORD   YEAR
 MAXIMUM TEMPERATURE (F)     33        52     1940
 MINIMUM TEMPERATURE (F)     20       -15     1964

SUNRISE AND SUNSET
 APR 26 2015..........SUNRISE  6:49 AM      SUNSET 11:13 PM
 APR 27 2015..........SUNRISE  6:46 AM      SUNSET 11:16 PM

-  INDICATES NEGATIVE NUMBERS.
R  INDICATES RECORD HAS BEEN SET OR TIED.
MM INDICATES DATA IS MISSING.
T  INDICATES TRACE OF PRECIPITATION.

&&
-------------------------------------------------------------------

AMOUNT OF DAYLIGHT TODAY  (HOUR:MIN)........16 HOURS 24 MINUTES
GAIN/LOSS SINCE YESTERDAY (HOUR:MIN:SEC)....+0:06:49

NOME TIDAL INFORMATION FOR 26 APRIL 2015
0541AM  +0.1
1259PM  +1.4
0701PM  +0.8

$$

CKC APR 15
