000
CDUS45 KBOI 190930
CLIONO


CLIMATE REPORT
NATIONAL WEATHER SERVICE BOISE ID
330 AM MDT SUN APR 19 2015


...................................

...THE ONTARIO OR CLIMATE SUMMARY FOR APRIL 18 2015...

CLIMATE NORMAL PERIOD 1981 TO 2010
CLIMATE RECORD PERIOD 1948 TO 2015


WEATHER ITEM   OBSERVED TIME   RECORD YEAR NORMAL DEPARTURE LAST
                VALUE   (LST)  VALUE       VALUE  FROM      YEAR
                                                  NORMAL
..................................................................
TEMPERATURE (F)
 YESTERDAY
  MAXIMUM         76    440 PM  88    1962  65     11       66
  MINIMUM         51   1135 PM  27    1972  36     15       41
  AVERAGE         64                        51     13       54

PRECIPITATION (IN)
  YESTERDAY        0.00          0.42 1991   0.03  -0.03     0.00
  MONTH TO DATE    0.47                      0.48  -0.01     0.19
  SINCE OCT 1      6.83                      6.88  -0.05     4.88
  SINCE JAN 1      2.37                      3.47  -1.10     3.37

DEGREE DAYS
 HEATING
  YESTERDAY        1                        14    -13       11
  MONTH TO DATE  286                       290     -4      231
  SINCE MAR 1    809                       960   -151      819
  SINCE JUL 1   4603                      5590   -987     5575

 COOLING
  YESTERDAY        0                         0      0        0
  MONTH TO DATE    0                         0      0        0
  SINCE MAR 1      0                         0      0        0
  SINCE JAN 1      0                         0      0        0
..................................................................


WIND (MPH)
  HIGHEST WIND SPEED    28   HIGHEST WIND DIRECTION    NW (310)
  HIGHEST GUST SPEED    34   HIGHEST GUST DIRECTION    NW (310)
  AVERAGE WIND SPEED    17.2


SKY COVER
  AVERAGE SKY COVER 0.0


WEATHER CONDITIONS
 THE FOLLOWING WEATHER WAS RECORDED YESTERDAY.
  NO SIGNIFICANT WEATHER WAS OBSERVED.


RELATIVE HUMIDITY (PERCENT)
 HIGHEST    46           600 AM
 LOWEST     12           500 PM
 AVERAGE    29

..........................................................


THE ONTARIO OR CLIMATE NORMALS FOR TODAY
                         NORMAL    RECORD    YEAR
 MAXIMUM TEMPERATURE (F)   66        88      1962
 MINIMUM TEMPERATURE (F)   36        24      1966


SUNRISE AND SUNSET
APRIL 19 2015.........SUNRISE   658 AM MDT   SUNSET   837 PM MDT
APRIL 20 2015.........SUNRISE   657 AM MDT   SUNSET   838 PM MDT


-  INDICATES NEGATIVE NUMBERS.
R  INDICATES RECORD WAS SET OR TIED.
MM INDICATES DATA IS MISSING.
T  INDICATES TRACE AMOUNT.




$$
