000
CDUS46 KSGX 061417
CLIONT


CLIMATE REPORT
NATIONAL WEATHER SERVICE SAN DIEGO, CA
717 AM PDT WED MAY 6 2015


...................................

...THE ONTARIO INTL AIRPORT CA CLIMATE SUMMARY FOR MAY 5 2015...

CLIMATE NORMAL PERIOD 1981 TO 2010
CLIMATE RECORD PERIOD 1998 TO 2015


WEATHER ITEM   OBSERVED TIME   RECORD YEAR NORMAL DEPARTURE LAST
                VALUE   (LST)  VALUE       VALUE  FROM      YEAR
                                                  NORMAL
..................................................................
TEMPERATURE (F)
 YESTERDAY
  MAXIMUM         70    242 PM  91    2011  77     -7       77
  MINIMUM         53    136 AM  45    1999  54     -1       54
  AVERAGE         62                        66     -4       66

PRECIPITATION (IN)
  YESTERDAY        0.00          0.06 2005   0.01  -0.01     0.00
  MONTH TO DATE    0.00                      0.08  -0.08     0.00
  SINCE OCT 1      8.93                     14.21  -5.28     4.30
  SINCE JAN 1      3.29                     10.04  -6.75     3.42

SNOWFALL (IN)
  YESTERDAY        0.0
  MONTH TO DATE    0.0
  SINCE MAR 1      0.0
  SINCE JUL 1      0.0
  SNOW DEPTH       0

DEGREE DAYS
 HEATING
  YESTERDAY        3                         2      1        0
  MONTH TO DATE    4                        10     -6        0
  SINCE MAR 1    117                       346   -229      136
  SINCE JUL 1    717                      1503   -786      822

 COOLING
  YESTERDAY        0                         3     -3        1
  MONTH TO DATE   25                        14     11       52
  SINCE MAR 1    221                        67    154      192
  SINCE JAN 1    251                        73    178      222
..................................................................


WIND (MPH)
  RESULTANT WIND SPEED   6   RESULTANT WIND DIRECTION   W (250)
  HIGHEST WIND SPEED    20   HIGHEST WIND DIRECTION    SW (230)
  HIGHEST GUST SPEED    25   HIGHEST GUST DIRECTION    SW (240)
  AVERAGE WIND SPEED     7.1


SKY COVER
  POSSIBLE SUNSHINE  MM
  AVERAGE SKY COVER 0.8


WEATHER CONDITIONS
 THE FOLLOWING WEATHER WAS RECORDED YESTERDAY.
  NO SIGNIFICANT WEATHER WAS OBSERVED.


RELATIVE HUMIDITY (PERCENT)
 HIGHEST    83           100 AM
 LOWEST     42           100 PM
 AVERAGE    63

..........................................................


THE ONTARIO INTL AIRPORT CA CLIMATE NORMALS FOR TODAY
                         NORMAL    RECORD    YEAR
 MAXIMUM TEMPERATURE (F)   77        91      2011
 MINIMUM TEMPERATURE (F)   54        45      1999


SUNRISE AND SUNSET
MAY  6 2015...........SUNRISE   557 AM PDT   SUNSET   738 PM PDT
MAY  7 2015...........SUNRISE   556 AM PDT   SUNSET   739 PM PDT


-  INDICATES NEGATIVE NUMBERS.
R  INDICATES RECORD WAS SET OR TIED.
MM INDICATES DATA IS MISSING.
T  INDICATES TRACE AMOUNT.




$$
