000
CDUS41 KBOX 040542
CLIORH


CLIMATE REPORT
NATIONAL WEATHER SERVICE TAUNTON MA
138 AM EDT MON MAY 4 2015


...................................

...THE WORCESTER MA CLIMATE SUMMARY FOR MAY 3 2015...

CLIMATE NORMAL PERIOD 1981 TO 2010
CLIMATE RECORD PERIOD 1892 TO 2015


WEATHER ITEM   OBSERVED TIME   RECORD YEAR NORMAL DEPARTURE LAST
                VALUE   (LST)  VALUE       VALUE  FROM      YEAR
                                                  NORMAL
..................................................................
TEMPERATURE (F)
 YESTERDAY
  MAXIMUM         73    325 PM  87    2001  62     11       64
                                      1942
  MINIMUM         46    534 AM  28    1946  43      3       42
  AVERAGE         60                        53      7       53

PRECIPITATION (IN)
  YESTERDAY        0.00          2.24 1934   0.12  -0.12      T
  MONTH TO DATE    0.00                      0.37  -0.37     0.83
  SINCE MAR 1      5.39                      8.69  -3.30    10.69
  SINCE JAN 1     13.70                     15.41  -1.71    17.87

SNOWFALL (IN)
  YESTERDAY        0.0           T    1958   0.0    0.0      0.0
  MONTH TO DATE    0.0                       0.1   -0.1      0.0
  SINCE MAR 1     11.1                      14.3   -3.2      4.3
  SINCE JUL 1    119.7                      64.2   55.5     85.2
  SNOW DEPTH       0

DEGREE DAYS
 HEATING
  YESTERDAY        5                        13     -8       12
  MONTH TO DATE   35                        39     -4       35
  SINCE MAR 1   1679                      1549    130     1746
  SINCE JUL 1   6793                      6386    407     6800

 COOLING
  YESTERDAY        0                         0      0        0
  MONTH TO DATE    0                         0      0        0
  SINCE MAR 1      0                         3     -3        0
  SINCE JAN 1      0                         3     -3        0
..................................................................


WIND (MPH)
  RESULTANT WIND SPEED   4   RESULTANT WIND DIRECTION  SW (230)
  HIGHEST WIND SPEED    16   HIGHEST WIND DIRECTION    SE (150)
  HIGHEST GUST SPEED    19   HIGHEST GUST DIRECTION    SE (140)
  AVERAGE WIND SPEED     8.1


SKY COVER
  POSSIBLE SUNSHINE  MM
  AVERAGE SKY COVER 0.6


WEATHER CONDITIONS
 THE FOLLOWING WEATHER WAS RECORDED YESTERDAY.
  NO SIGNIFICANT WEATHER WAS OBSERVED.


RELATIVE HUMIDITY (PERCENT)
 HIGHEST    71           200 AM
 LOWEST     22          1200 PM
 AVERAGE    47

..........................................................


THE WORCESTER MA CLIMATE NORMALS FOR TODAY
                         NORMAL    RECORD    YEAR
 MAXIMUM TEMPERATURE (F)   62        89      1944
 MINIMUM TEMPERATURE (F)   43        29      1986
                                             1946


SUNRISE AND SUNSET
MAY  4 2015...........SUNRISE   539 AM EDT   SUNSET   750 PM EDT
MAY  5 2015...........SUNRISE   538 AM EDT   SUNSET   751 PM EDT


-  INDICATES NEGATIVE NUMBERS.
R  INDICATES RECORD WAS SET OR TIED.
MM INDICATES DATA IS MISSING.
T  INDICATES TRACE AMOUNT.




$$
