000
CDUS44 KLZK 180904
CLIPBF


CLIMATE REPORT
NATIONAL WEATHER SERVICE LITTLE ROCK AR
404 AM CDT SAT APR 18 2015


...................................

...THE PINE BLUFF CLIMATE SUMMARY FOR APRIL 17 2015...

CLIMATE NORMAL PERIOD 1981 TO 2010
CLIMATE RECORD PERIOD 1883 TO 2015


WEATHER ITEM   OBSERVED TIME   RECORD YEAR NORMAL DEPARTURE LAST
                VALUE   (LST)  VALUE       VALUE  FROM      YEAR
                                                  NORMAL
..................................................................
TEMPERATURE (F)
 YESTERDAY
  MAXIMUM         78    414 PM  92    2006  75      3       68
  MINIMUM         65   1159 PM  34    1951  52     13       39
  AVERAGE         72                        63      9       54

PRECIPITATION (IN)
  YESTERDAY        0.14          1.45 1918   0.17  -0.03     0.00
  MONTH TO DATE    3.91                      2.77   1.14     3.55
  SINCE MAR 1     11.95                      8.17   3.78     8.01
  SINCE JAN 1     18.88                     15.99   2.89    13.44

SNOWFALL (IN)
  YESTERDAY        0.0          MM      MM   0.0    0.0      0.0
  MONTH TO DATE    0.0                       0.0    0.0      0.0
  SINCE MAR 1      2.0                       0.0    2.0       T
  SINCE JUL 1      9.2                       3.1    6.1      3.7
  SNOW DEPTH       0

DEGREE DAYS
 HEATING
  YESTERDAY        0                         4     -4       11
  MONTH TO DATE   40                        95    -55      135
  SINCE MAR 1    455                       442     13      619
  SINCE JUL 1   3189                      2830    359     3388

 COOLING
  YESTERDAY        7                         2      5        0
  MONTH TO DATE   59                        28     31       22
  SINCE MAR 1     69                        45     24       22
  SINCE JAN 1     69                        48     21       22
..................................................................


WIND (MPH)
  HIGHEST WIND SPEED    13   HIGHEST WIND DIRECTION    SE (120)
  HIGHEST GUST SPEED    16   HIGHEST GUST DIRECTION    SE (120)
  AVERAGE WIND SPEED     4.4


SKY COVER
  POSSIBLE SUNSHINE  MM
  AVERAGE SKY COVER 0.4


WEATHER CONDITIONS
 THE FOLLOWING WEATHER WAS RECORDED YESTERDAY.
  RAIN
  LIGHT RAIN
  FOG


RELATIVE HUMIDITY (PERCENT)
 HIGHEST    93          1200 AM
 LOWEST     58           400 PM
 AVERAGE    76

..........................................................


THE PINE BLUFF CLIMATE NORMALS FOR TODAY
                         NORMAL    RECORD    YEAR
 MAXIMUM TEMPERATURE (F)   75        93      2006
 MINIMUM TEMPERATURE (F)   53        34      1984


SUNRISE AND SUNSET
APRIL 18 2015.........SUNRISE   633 AM CDT   SUNSET   741 PM CDT
APRIL 19 2015.........SUNRISE   632 AM CDT   SUNSET   742 PM CDT


-  INDICATES NEGATIVE NUMBERS.
R  INDICATES RECORD WAS SET OR TIED.
MM INDICATES DATA IS MISSING.
T  INDICATES TRACE AMOUNT.




$$
