000
CDUS46 KPQR 061144
CLIPDX


CLIMATE REPORT
NATIONAL WEATHER SERVICE PORTLAND OREGON
443 AM PDT WED MAY 6 2015


...................................

...THE PORTLAND OR CLIMATE SUMMARY FOR MAY 5 2015...

CLIMATE NORMAL PERIOD 1981 TO 2010
CLIMATE RECORD PERIOD 1940 TO 2015


WEATHER ITEM   OBSERVED TIME   RECORD YEAR NORMAL DEPARTURE LAST
                VALUE   (LST)  VALUE       VALUE  FROM      YEAR
                                                  NORMAL
..................................................................
TEMPERATURE (F)
 YESTERDAY
  MAXIMUM         65    252 PM  87    1992  66     -1       64
  MINIMUM         48    240 AM  35    1978  46      2       50
  AVERAGE         57                        56      1       57

PRECIPITATION (IN)
  YESTERDAY        0.02          1.07 1948   0.08  -0.06     0.05
  MONTH TO DATE    0.02                      0.39  -0.37     0.37
  SINCE OCT 1     28.50                     29.46  -0.96    24.56
  SINCE JAN 1     13.52                     15.34  -1.82    18.74

DEGREE DAYS
 HEATING
  YESTERDAY        8                         9     -1        8
  MONTH TO DATE   30                        49    -19       26
  SINCE MAR 1    773                       954   -181      842
  SINCE JUL 1   3245                      4012   -767     4140

 COOLING
  YESTERDAY        0                         0      0        0
  MONTH TO DATE    0                         0      0        6
  SINCE MAR 1      2                         1      1        9
  SINCE JAN 1      2                         1      1        9
..................................................................


WIND (MPH)
  HIGHEST WIND SPEED    16   HIGHEST WIND DIRECTION     W (270)
  HIGHEST GUST SPEED    21   HIGHEST GUST DIRECTION     S (200)
  AVERAGE WIND SPEED     5.8


SKY COVER
  POSSIBLE SUNSHINE  MM
  AVERAGE SKY COVER 0.7


WEATHER CONDITIONS
 THE FOLLOWING WEATHER WAS RECORDED YESTERDAY.
  NO SIGNIFICANT WEATHER WAS OBSERVED.


RELATIVE HUMIDITY (PERCENT)
 HIGHEST    86           500 AM
 LOWEST     43           200 PM
 AVERAGE    65

..........................................................


THE PORTLAND OR CLIMATE NORMALS FOR TODAY
                         NORMAL    RECORD    YEAR
 MAXIMUM TEMPERATURE (F)   66        91      1987
 MINIMUM TEMPERATURE (F)   47        36      1965


SUNRISE AND SUNSET
MAY  6 2015...........SUNRISE   551 AM PDT   SUNSET   824 PM PDT
MAY  7 2015...........SUNRISE   550 AM PDT   SUNSET   825 PM PDT


-  INDICATES NEGATIVE NUMBERS.
R  INDICATES RECORD WAS SET OR TIED.
MM INDICATES DATA IS MISSING.
T  INDICATES TRACE AMOUNT.




$$
