000
CDUS43 KUNR 010836
CLIPHP


CLIMATE REPORT
NATIONAL WEATHER SERVICE RAPID CITY SD
233 AM MDT WED APR 1 2015


...................................

...THE PHILIP SD CLIMATE SUMMARY FOR MARCH 31 2015...

CLIMATE NORMAL PERIOD 1981 TO 2010
CLIMATE RECORD PERIOD 9999 TO 9999


WEATHER ITEM   OBSERVED TIME   NORMAL DEPARTURE LAST
                VALUE   (LST)  VALUE  FROM      YEAR
                                      NORMAL
......................................................
TEMPERATURE (F)
 YESTERDAY
  MAXIMUM         83    132 PM  54     29       39
  MINIMUM         30    327 AM  27      3       13
  AVERAGE         57            40     17       26

PRECIPITATION (IN)
  YESTERDAY        0.00          0.04  -0.04     0.05
  MONTH TO DATE    0.09          1.27  -1.18     0.54
  SINCE MAR 1      0.09          1.27  -1.18     0.54
  SINCE JAN 1      0.20          2.05  -1.85     1.02

DEGREE DAYS
 HEATING
  YESTERDAY        8            24    -16       39
  MONTH TO DATE  730           937   -207      990
  SINCE MAR 1    730           938   -208      990
  SINCE JUL 1   5870          6303   -433     6593

 COOLING
  YESTERDAY        0             0      0        0
  MONTH TO DATE    3             0      3        0
  SINCE MAR 1      3             0      3        0
  SINCE JAN 1      3             0      3        0
......................................................


WIND (MPH)
  HIGHEST WIND SPEED    22   HIGHEST WIND DIRECTION    SW (230)
  HIGHEST GUST SPEED    30   HIGHEST GUST DIRECTION    SW (240)
  AVERAGE WIND SPEED     8.6


SKY COVER
  AVERAGE SKY COVER 0.0


WEATHER CONDITIONS
 THE FOLLOWING WEATHER WAS RECORDED YESTERDAY.
  NO SIGNIFICANT WEATHER WAS OBSERVED.


RELATIVE HUMIDITY (PERCENT)
 HIGHEST    70           500 AM
 LOWEST      8           300 PM
 AVERAGE    39

..........................................................




SUNRISE AND SUNSET
APRIL  1 2015.........SUNRISE   628 AM MDT   SUNSET   713 PM MDT
APRIL  2 2015.........SUNRISE   626 AM MDT   SUNSET   714 PM MDT


-  INDICATES NEGATIVE NUMBERS.
R  INDICATES RECORD WAS SET OR TIED.
MM INDICATES DATA IS MISSING.
T  INDICATES TRACE AMOUNT.




$$
