000
CDUS45 KPIH 202336
CLIPIH


CLIMATE REPORT
NATIONAL WEATHER SERVICE POCATELLO ID
533 PM MDT MON APR 20 2015


...................................

...THE POCATELLO ID CLIMATE SUMMARY FOR APRIL 20 2015...
VALID TODAY AS OF 0500 PM LOCAL TIME.

CLIMATE NORMAL PERIOD 1981 TO 2010
CLIMATE RECORD PERIOD 1939 TO 2015


WEATHER ITEM   OBSERVED TIME   RECORD YEAR NORMAL DEPARTURE LAST
                VALUE   (LST)  VALUE       VALUE  FROM      YEAR
                                                  NORMAL
..................................................................
TEMPERATURE (F)
 TODAY
  MAXIMUM         67    359 PM  83    1994  60      7       64
  MINIMUM         33    550 AM  17    1982  34     -1       41
  AVERAGE         50                        47      3       53

PRECIPITATION (IN)
  TODAY            0.00          0.71 1984   0.04  -0.04     0.00
  MONTH TO DATE    0.39                      0.72  -0.33     0.43
  SINCE OCT 1      4.13                      7.16  -3.03     5.80
  SINCE JAN 1      1.74                      3.94  -2.20     4.43

SNOWFALL (IN)
  TODAY            0.0
  MONTH TO DATE    2.9
  SINCE MAR 1      5.5
  SINCE JUL 1     20.3
  SNOW DEPTH       0

DEGREE DAYS
 HEATING
  TODAY           15                        18     -3       12
  MONTH TO DATE  413                       412      1      370
  SINCE MAR 1   1050                      1251   -201     1101
  SINCE JUL 1   5391                      6524  -1133     6081

 COOLING
  TODAY            0                         0      0        0
  MONTH TO DATE    0                         0      0        0
  SINCE MAR 1      0                         0      0        0
  SINCE JAN 1      0                         0      0        0
..................................................................


WIND (MPH)
  HIGHEST WIND SPEED    15   HIGHEST WIND DIRECTION    SW (210)
  HIGHEST GUST SPEED    23   HIGHEST GUST DIRECTION    NW (300)
  AVERAGE WIND SPEED     6.4


SKY COVER
  POSSIBLE SUNSHINE  MM
  AVERAGE SKY COVER 0.0


WEATHER CONDITIONS
 THE FOLLOWING WEATHER WAS RECORDED TODAY.
  NO SIGNIFICANT WEATHER WAS OBSERVED.


RELATIVE HUMIDITY (PERCENT)
 HIGHEST    70           600 AM
 LOWEST     16           400 PM
 AVERAGE    43

..........................................................


THE POCATELLO ID CLIMATE NORMALS FOR TOMORROW
                         NORMAL    RECORD    YEAR
 MAXIMUM TEMPERATURE (F)   60        86      1994
 MINIMUM TEMPERATURE (F)   34        15      2008


SUNRISE AND SUNSET
APRIL 20 2015.........SUNRISE   641 AM MDT   SUNSET   818 PM MDT
APRIL 21 2015.........SUNRISE   639 AM MDT   SUNSET   820 PM MDT


-  INDICATES NEGATIVE NUMBERS.
R  INDICATES RECORD WAS SET OR TIED.
MM INDICATES DATA IS MISSING.
T  INDICATES TRACE AMOUNT.




$$
