000
CDUS45 KPIH 020736
CLIPIH


CLIMATE REPORT
NATIONAL WEATHER SERVICE POCATELLO ID
133 AM MDT THU APR 2 2015


...................................

...THE POCATELLO ID CLIMATE SUMMARY FOR APRIL 1 2015...

CLIMATE NORMAL PERIOD 1981 TO 2010
CLIMATE RECORD PERIOD 1939 TO 2015


WEATHER ITEM   OBSERVED TIME   RECORD YEAR NORMAL DEPARTURE LAST
                VALUE   (LST)  VALUE       VALUE  FROM      YEAR
                                                  NORMAL
..................................................................
TEMPERATURE (F)
 YESTERDAY
  MAXIMUM         51    333 PM  73    1966  54     -3       44
  MINIMUM         32   1159 PM  16    1975  31      1       27
  AVERAGE         42                        42      0       36

PRECIPITATION (IN)
  YESTERDAY        0.00          0.37 2014   0.03  -0.03     0.37
  MONTH TO DATE    0.00                      0.03  -0.03     0.37
  SINCE OCT 1      3.74                      6.47  -2.73     5.74
  SINCE JAN 1      1.35                      3.25  -1.90     4.37

SNOWFALL (IN)
  YESTERDAY        0.0
  MONTH TO DATE    0.0
  SINCE MAR 1      2.6
  SINCE JUL 1     17.4
  SNOW DEPTH       0

DEGREE DAYS
 HEATING
  YESTERDAY       23                        23      0       29
  MONTH TO DATE   23                        23      0       29
  SINCE MAR 1    660                       862   -202      760
  SINCE JUL 1   5001                      6135  -1134     5740

 COOLING
  YESTERDAY        0                         0      0        0
  MONTH TO DATE    0                         0      0        0
  SINCE MAR 1      0                         0      0        0
  SINCE JAN 1      0                         0      0        0
..................................................................


WIND (MPH)
  HIGHEST WIND SPEED    35   HIGHEST WIND DIRECTION    SW (240)
  HIGHEST GUST SPEED    40   HIGHEST GUST DIRECTION     W (250)
  AVERAGE WIND SPEED    20.7


SKY COVER
  POSSIBLE SUNSHINE  MM
  AVERAGE SKY COVER 0.4


WEATHER CONDITIONS
 THE FOLLOWING WEATHER WAS RECORDED YESTERDAY.
  NO SIGNIFICANT WEATHER WAS OBSERVED.


RELATIVE HUMIDITY (PERCENT)
 HIGHEST    75           700 AM
 LOWEST     14           500 PM
 AVERAGE    45

..........................................................


THE POCATELLO ID CLIMATE NORMALS FOR TODAY
                         NORMAL    RECORD    YEAR
 MAXIMUM TEMPERATURE (F)   54        75      1990
                                             1943
 MINIMUM TEMPERATURE (F)   31        17      2008


SUNRISE AND SUNSET
APRIL  2 2015.........SUNRISE   711 AM MDT   SUNSET   758 PM MDT
APRIL  3 2015.........SUNRISE   709 AM MDT   SUNSET   759 PM MDT


-  INDICATES NEGATIVE NUMBERS.
R  INDICATES RECORD WAS SET OR TIED.
MM INDICATES DATA IS MISSING.
T  INDICATES TRACE AMOUNT.




$$
