000
CDUS46 KLOX 060120
CLIPMD


CLIMATE REPORT
NATIONAL WEATHER SERVICE LOS ANGELES/OXNARD CA
620 PM PDT TUE MAY 5 2015


...................................

...THE PALMDALE AIRPORT CA CLIMATE SUMMARY FOR MAY 5 2015...
VALID TODAY AS OF 0600 PM LOCAL TIME.

CLIMATE NORMAL PERIOD 1981 TO 2010
CLIMATE RECORD PERIOD 1931 TO 2015


WEATHER ITEM   OBSERVED TIME   RECORD YEAR NORMAL DEPARTURE LAST
                VALUE   (LST)  VALUE       VALUE  FROM      YEAR
                                                  NORMAL
..................................................................
TEMPERATURE (F)
 TODAY
  MAXIMUM         71    235 PM 100    1947  79     -8       75
  MINIMUM         52    458 AM  36    1975  49      3       51
  AVERAGE         62                        64     -2       63

PRECIPITATION (IN)
  TODAY            0.00          0.12 1998   0.01  -0.01     0.00
  MONTH TO DATE    0.00                      0.07  -0.07     0.00
  SINCE OCT 1      4.12                      7.50  -3.38     4.03
  SINCE JAN 1      1.55                      5.05  -3.50     2.09

SNOWFALL (IN)
  TODAY            0.0           0.0  1973  MM               0.0
  MONTH TO DATE    0.0                      MM               0.0
  SINCE MAR 1      0.0                      MM               0.0
  SINCE JUL 1      0.0                      MM               0.0
  SNOW DEPTH       0

DEGREE DAYS
 HEATING
  TODAY            3                         3      0        2
  MONTH TO DATE    3                        19    -16        2
  SINCE MAR 1    349                       624   -275      400
  SINCE JUL 1   2004                      2869   -865     2298

 COOLING
  TODAY            0                         3     -3        0
  MONTH TO DATE   22                        11     11       25
  SINCE MAR 1     57                        34     23       68
  SINCE JAN 1     57                        34     23       69
..................................................................


WIND (MPH)
  HIGHEST WIND SPEED    29   HIGHEST WIND DIRECTION    SW (220)
  HIGHEST GUST SPEED    34   HIGHEST GUST DIRECTION    SW (220)
  AVERAGE WIND SPEED    18.3


SKY COVER
  POSSIBLE SUNSHINE  MM
  AVERAGE SKY COVER 0.0


WEATHER CONDITIONS
 THE FOLLOWING WEATHER WAS RECORDED TODAY.
  NO SIGNIFICANT WEATHER WAS OBSERVED.


RELATIVE HUMIDITY (PERCENT)
 HIGHEST    63           500 AM
 LOWEST     32          1200 AM
 AVERAGE    48

..........................................................


THE PALMDALE AIRPORT CA CLIMATE NORMALS FOR TOMORROW
                         NORMAL    RECORD    YEAR
 MAXIMUM TEMPERATURE (F)   80        96      1990
 MINIMUM TEMPERATURE (F)   50        33      1978


SUNRISE AND SUNSET
MAY  5 2015...........SUNRISE   558 AM PDT   SUNSET   740 PM PDT
MAY  6 2015...........SUNRISE   557 AM PDT   SUNSET   741 PM PDT


-  INDICATES NEGATIVE NUMBERS.
R  INDICATES RECORD WAS SET OR TIED.
MM INDICATES DATA IS MISSING.
T  INDICATES TRACE AMOUNT.




$$
