000
CDUS44 KMOB 190658
CLIPNS


CLIMATE REPORT
NATIONAL WEATHER SERVICE MOBILE AL
158 AM CDT SUN APR 19 2015


...................................

...THE PENSACOLA CLIMATE SUMMARY FOR APRIL 18 2015...

CLIMATE NORMAL PERIOD 1981 TO 2010
CLIMATE RECORD PERIOD 1879 TO 2015


WEATHER ITEM   OBSERVED TIME   RECORD YEAR NORMAL DEPARTURE LAST
                VALUE   (LST)  VALUE       VALUE  FROM      YEAR
                                                  NORMAL
..................................................................
TEMPERATURE (F)
 YESTERDAY
  MAXIMUM         75    421 PM  87    2006  76     -1       63
                                      1987
                                      1967
  MINIMUM         67    727 AM  40    1921  58      9       58
  AVERAGE         71                        67      4       61

PRECIPITATION (IN)
  YESTERDAY        0.13          3.07 2014   0.13   0.00     3.07
  MONTH TO DATE    6.95                      2.73   4.22     9.06
  SINCE MAR 1      9.33                      8.54   0.79    18.84
  SINCE JAN 1     19.74                     18.23   1.51    30.17

DEGREE DAYS
 HEATING
  YESTERDAY        0                         1     -1        4
  MONTH TO DATE    1                        42    -41       37
  SINCE MAR 1    101                       218   -117      242
  SINCE JUL 1   1544                      1526     18     1579

 COOLING
  YESTERDAY        6                         3      3        0
  MONTH TO DATE  128                        45     83       46
  SINCE MAR 1    230                        78    152       52
  SINCE JAN 1    237                        92    145       67
..................................................................


WIND (MPH)
  HIGHEST WIND SPEED    17   HIGHEST WIND DIRECTION    SE (150)
  HIGHEST GUST SPEED    22   HIGHEST GUST DIRECTION    SE (150)
  AVERAGE WIND SPEED     5.5


SKY COVER
  POSSIBLE SUNSHINE  MM
  AVERAGE SKY COVER 0.7


WEATHER CONDITIONS
 THE FOLLOWING WEATHER WAS RECORDED YESTERDAY.
  LIGHT RAIN
  FOG


RELATIVE HUMIDITY (PERCENT)
 HIGHEST   100           200 AM
 LOWEST     87          1100 AM
 AVERAGE    94

..........................................................


THE PENSACOLA CLIMATE NORMALS FOR TODAY
                         NORMAL    RECORD    YEAR
 MAXIMUM TEMPERATURE (F)   76        87      1976
                                             1908
 MINIMUM TEMPERATURE (F)   58        41      1983


SUNRISE AND SUNSET
APRIL 19 2015.........SUNRISE   617 AM CDT   SUNSET   719 PM CDT
APRIL 20 2015.........SUNRISE   616 AM CDT   SUNSET   720 PM CDT


-  INDICATES NEGATIVE NUMBERS.
R  INDICATES RECORD WAS SET OR TIED.
MM INDICATES DATA IS MISSING.
T  INDICATES TRACE AMOUNT.




$$
