000
CDUS46 KLOX 260112
CLIPRB


CLIMATE REPORT
NATIONAL WEATHER SERVICE LOS ANGELES/OXNARD CA
611 PM PDT SAT APR 25 2015


...................................

...THE PASO ROBLES AIRPORT CA CLIMATE SUMMARY FOR APRIL 25 2015...
VALID TODAY AS OF 0600 PM LOCAL TIME.

CLIMATE NORMAL PERIOD 1981 TO 2010
CLIMATE RECORD PERIOD 1948 TO 2015


WEATHER ITEM   OBSERVED TIME   RECORD YEAR NORMAL DEPARTURE LAST
                VALUE   (LST)  VALUE       VALUE  FROM      YEAR
                                                  NORMAL
..................................................................
TEMPERATURE (F)
 TODAY
  MAXIMUM         72    341 PM  94    2004  75     -3       64
  MINIMUM         49    150 AM  31    1971  42      7       44
  AVERAGE         61                        59      2       54

PRECIPITATION (IN)
  TODAY            T             0.60 1978   0.02  -0.02     0.02
  MONTH TO DATE    0.43                      0.61  -0.18     0.34
  SINCE OCT 1      8.48                     12.10  -3.62     4.92
  SINCE JAN 1      2.76                      8.44  -5.68     4.46

SNOWFALL (IN)
  TODAY           MM
  MONTH TO DATE    0.0
  SINCE MAR 1      0.0
  SINCE JUL 1      0.0

DEGREE DAYS
 HEATING
  TODAY            4                         7     -3       11
  MONTH TO DATE  163                       223    -60      124
  SINCE MAR 1    325                       589   -264      354
  SINCE JUL 1   1685                      2682   -997     2059

 COOLING
  TODAY            0                         0      0        0
  MONTH TO DATE    0                         0      0        8
  SINCE MAR 1     21                         0     21        8
  SINCE JAN 1     21                         0     21        8
..................................................................


WIND (MPH)
  HIGHEST WIND SPEED    22   HIGHEST WIND DIRECTION     N (340)
  HIGHEST GUST SPEED    27   HIGHEST GUST DIRECTION     N (340)
  AVERAGE WIND SPEED    10.5


SKY COVER
  POSSIBLE SUNSHINE  MM
  AVERAGE SKY COVER 0.6


WEATHER CONDITIONS
 THE FOLLOWING WEATHER WAS RECORDED TODAY.
  LIGHT RAIN


RELATIVE HUMIDITY (PERCENT)
 HIGHEST    77           600 AM
 LOWEST     29           400 PM
 AVERAGE    53

..........................................................


THE PASO ROBLES AIRPORT CA CLIMATE NORMALS FOR TOMORROW
                         NORMAL    RECORD    YEAR
 MAXIMUM TEMPERATURE (F)   76        97      2004
 MINIMUM TEMPERATURE (F)   43        31      1975


SUNRISE AND SUNSET
APRIL 25 2015.........SUNRISE   617 AM PDT   SUNSET   744 PM PDT
APRIL 26 2015.........SUNRISE   616 AM PDT   SUNSET   745 PM PDT


-  INDICATES NEGATIVE NUMBERS.
R  INDICATES RECORD WAS SET OR TIED.
MM INDICATES DATA IS MISSING.
T  INDICATES TRACE AMOUNT.




$$
