000
CDUS46 KPDT 060833
CLIPSC

CLIMATE REPORT
NATIONAL WEATHER SERVICE PENDLETON OR
133 AM PDT WED MAY 6 2015


...................................

...THE PASCO WA CLIMATE SUMMARY FOR MAY 5 2015...

CLIMATE NORMAL PERIOD 1981 TO 2010
CLIMATE RECORD PERIOD 1948 TO 2015


WEATHER ITEM   OBSERVED TIME   RECORD YEAR NORMAL DEPARTURE LAST
                VALUE   (LST)  VALUE       VALUE  FROM      YEAR
                                                  NORMAL
..................................................................
TEMPERATURE (F)
 YESTERDAY
  MAXIMUM         71    340 PM  97    1992  73     -2       71
  MINIMUM         45   1159 PM  30    2010  42      3       48
  AVERAGE         58                        57      1       60

PRECIPITATION (IN)
  YESTERDAY        0.00          0.06 1979   0.02  -0.02     0.00
                                      1979
                                      2010
  MONTH TO DATE    0.00                      0.09  -0.09     0.03
  SINCE OCT 1      4.29                      6.56  -2.27     2.70
  SINCE JAN 1      1.92                      3.61  -1.69     2.12

SNOWFALL (IN)
  YESTERDAY        0.0
  SNOW DEPTH       0

DEGREE DAYS
 HEATING
  YESTERDAY        7                         8     -1        5
  MONTH TO DATE   30                        42    -12       11
  SINCE MAR 1    858                       983   -125      895
  SINCE JUL 1   4314                      4866   -552     5124

 COOLING
  YESTERDAY        0                         0      0        0
  MONTH TO DATE    0                         0      0        2
  SINCE MAR 1      0                         1     -1        2
  SINCE JAN 1      0                         1     -1        2
..................................................................


WIND (MPH)
  RESULTANT WIND SPEED   9   RESULTANT WIND DIRECTION  SW (240)
  HIGHEST WIND SPEED    24   HIGHEST WIND DIRECTION    SW (220)
  HIGHEST GUST SPEED    30   HIGHEST GUST DIRECTION    SW (230)


SKY COVER
  POSSIBLE SUNSHINE  MM
  AVERAGE SKY COVER 0.2


WEATHER CONDITIONS
 THE FOLLOWING WEATHER WAS RECORDED YESTERDAY.
  NO SIGNIFICANT WEATHER WAS OBSERVED.


RELATIVE HUMIDITY (PERCENT)
 HIGHEST    66
 LOWEST     15
 AVERAGE    41

..........................................................


THE PASCO WA CLIMATE NORMALS FOR TODAY
                         NORMAL    RECORD    YEAR
 MAXIMUM TEMPERATURE (F)   73       100      1992
 MINIMUM TEMPERATURE (F)   42        30      2002


SUNRISE AND SUNSET
MAY  6 2015...........SUNRISE   536 AM PDT   SUNSET   811 PM PDT
MAY  7 2015...........SUNRISE   534 AM PDT   SUNSET   813 PM PDT


-  INDICATES NEGATIVE NUMBERS.
R  INDICATES RECORD WAS SET OR TIED.
MM INDICATES DATA IS MISSING.
T  INDICATES TRACE AMOUNT.




$$
