000
CDUS41 KGYX 060805
CLIPWM


CLIMATE REPORT
NATIONAL WEATHER SERVICE GRAY ME
405 AM EDT WED MAY 6 2015


...................................

...THE PORTLAND ME CLIMATE SUMMARY FOR MAY 5 2015...

CLIMATE NORMAL PERIOD 1981 TO 2010
CLIMATE RECORD PERIOD 1941 TO 2015


WEATHER ITEM   OBSERVED TIME   RECORD YEAR NORMAL DEPARTURE LAST
                VALUE   (LST)  VALUE       VALUE  FROM      YEAR
                                                  NORMAL
..................................................................
TEMPERATURE (F)
 YESTERDAY
  MAXIMUM         75    145 PM  82    1949  60     15       63
  MINIMUM         51   1152 PM  28    1951  41     10       40
  AVERAGE         63                        50     13       52

PRECIPITATION (IN)
  YESTERDAY        0.00          3.49 1922   0.14  -0.14     0.00
  MONTH TO DATE    0.00                      0.69  -0.69     1.12
  SINCE MAR 1      6.82                      9.25  -2.43     8.15
  SINCE JAN 1     14.30                     15.88  -1.58    16.47

SNOWFALL (IN)
  YESTERDAY        0.0           T    1900   0.0    0.0      0.0
  MONTH TO DATE    0.0                       0.0    0.0       T
  SINCE MAR 1      5.3                      15.5  -10.2      4.9
  SINCE JUL 1     94.5                      61.9   32.6     83.4
  SNOW DEPTH       0

DEGREE DAYS
 HEATING
  YESTERDAY        2                        15    -13       13
  MONTH TO DATE   59                        76    -17       62
  SINCE MAR 1   1731                      1682     49     1874
  SINCE JUL 1   6785                      6724     61     7113

 COOLING
  YESTERDAY        0                         0      0        0
  MONTH TO DATE    0                         0      0        0
  SINCE MAR 1      0                         0      0        0
  SINCE JAN 1      0                         0      0        0
..................................................................


WIND (MPH)
  RESULTANT WIND SPEED   4   RESULTANT WIND DIRECTION   W (290)
  HIGHEST WIND SPEED    20   HIGHEST WIND DIRECTION     N (10)
  HIGHEST GUST SPEED    25   HIGHEST GUST DIRECTION     N (340)
  AVERAGE WIND SPEED     9.2


SKY COVER
  AVERAGE SKY COVER 0.5


WEATHER CONDITIONS
 THE FOLLOWING WEATHER WAS RECORDED YESTERDAY.
  NO SIGNIFICANT WEATHER WAS OBSERVED.


RELATIVE HUMIDITY (PERCENT)
 HIGHEST    64          1100 PM
 LOWEST     18           100 PM
 AVERAGE    41

..........................................................


THE PORTLAND ME CLIMATE NORMALS FOR TODAY
                         NORMAL    RECORD    YEAR
 MAXIMUM TEMPERATURE (F)   61        84      1976
 MINIMUM TEMPERATURE (F)   41        28      1961


SUNRISE AND SUNSET
MAY  6 2015...........SUNRISE   527 AM EDT   SUNSET   749 PM EDT
MAY  7 2015...........SUNRISE   526 AM EDT   SUNSET   750 PM EDT


-  INDICATES NEGATIVE NUMBERS.
R  INDICATES RECORD WAS SET OR TIED.
MM INDICATES DATA IS MISSING.
T  INDICATES TRACE AMOUNT.




$$
