000
CDUS46 KSGX 030017
CLIRAL


CLIMATE REPORT
NATIONAL WEATHER SERVICE SAN DIEGO, CA
517 PM PDT SAT MAY 2 2015


...................................

...THE RIVERSIDE MUNI AIRPORT CA CLIMATE SUMMARY FOR MAY 2 2015...
VALID TODAY AS OF 0500 PM LOCAL TIME.

CLIMATE NORMAL PERIOD 1981 TO 2010
CLIMATE RECORD PERIOD 1893 TO 2015


WEATHER ITEM   OBSERVED TIME   RECORD YEAR NORMAL DEPARTURE LAST
                VALUE   (LST)  VALUE       VALUE  FROM      YEAR
                                                  NORMAL
..................................................................
TEMPERATURE (F)
 TODAY
  MAXIMUM         90    118 PM 104    1947  79     11       99
  MINIMUM         60    543 AM  35    1913  53      7       57
  AVERAGE         75                        66      9       78

PRECIPITATION (IN)
  TODAY            0.00          0.55 1915   0.02  -0.02     0.00
  MONTH TO DATE    0.00                      0.05  -0.05     0.00
  SINCE OCT 1      5.15                     11.65  -6.50     2.71
  SINCE JAN 1      1.92                      8.84  -6.92     1.72

SNOWFALL (IN)
  TODAY            0.0
  MONTH TO DATE    0.0
  SINCE MAR 1      0.0
  SINCE JUL 1      0.0
  SNOW DEPTH       0

DEGREE DAYS
 HEATING
  TODAY            0                         2     -2        0
  MONTH TO DATE    0                         4     -4        0
  SINCE MAR 1    107                       316   -209      133
  SINCE JUL 1    714                      1424   -710      795

 COOLING
  TODAY           10                         3      7       13
  MONTH TO DATE   23                         6     17       25
  SINCE MAR 1    230                        60    170      148
  SINCE JAN 1    254                        69    185      177
..................................................................


WIND (MPH)
  RESULTANT WIND SPEED   4   RESULTANT WIND DIRECTION   W (270)
  HIGHEST WIND SPEED    23   HIGHEST WIND DIRECTION     W (250)
  HIGHEST GUST SPEED    29   HIGHEST GUST DIRECTION    SW (240)
  AVERAGE WIND SPEED     5.6


SKY COVER
  POSSIBLE SUNSHINE  MM
  AVERAGE SKY COVER 0.0


WEATHER CONDITIONS
 THE FOLLOWING WEATHER WAS RECORDED TODAY.
  NO SIGNIFICANT WEATHER WAS OBSERVED.


RELATIVE HUMIDITY (PERCENT)
 HIGHEST    49           400 AM
 LOWEST     15          1000 AM
 AVERAGE    32

..........................................................


THE RIVERSIDE MUNI AIRPORT CA CLIMATE NORMALS FOR TOMORROW
                         NORMAL    RECORD    YEAR
 MAXIMUM TEMPERATURE (F)   79       102      2004
 MINIMUM TEMPERATURE (F)   54        34      1904


SUNRISE AND SUNSET
MAY  2 2015...........SUNRISE   600 AM PDT   SUNSET   734 PM PDT
MAY  3 2015...........SUNRISE   559 AM PDT   SUNSET   735 PM PDT


-  INDICATES NEGATIVE NUMBERS.
R  INDICATES RECORD WAS SET OR TIED.
MM INDICATES DATA IS MISSING.
T  INDICATES TRACE AMOUNT.




$$
