000
CDUS43 KUNR 190832
CLIRAP


CLIMATE REPORT
NATIONAL WEATHER SERVICE RAPID CITY SD
232 AM MDT SUN APR 19 2015


...................................

...THE RAPID CITY AIRPORT SD CLIMATE SUMMARY FOR APRIL 18 2015...

CLIMATE NORMAL PERIOD 1981 TO 2010
CLIMATE RECORD PERIOD 1942 TO 2015


WEATHER ITEM   OBSERVED TIME   RECORD YEAR NORMAL DEPARTURE LAST
                VALUE   (LST)  VALUE       VALUE  FROM      YEAR
                                                  NORMAL
..................................................................
TEMPERATURE (F)
 YESTERDAY
  MAXIMUM         52    854 AM  90    1987  59     -7       77
  MINIMUM         43   1159 PM  16    1953  33     10       31
  AVERAGE         48                        46      2       54

PRECIPITATION (IN)
  YESTERDAY        0.28          1.67 1970   0.07   0.21     0.00
  MONTH TO DATE    0.45                      0.88  -0.43     0.54
  SINCE MAR 1      0.55                      1.81  -1.26     1.63
  SINCE JAN 1      0.98                      2.55  -1.57     2.12

SNOWFALL (IN)
  YESTERDAY        0.0          15.6  1970   0.3   -0.3      0.0
  MONTH TO DATE    T                         5.4   -5.4      6.0
  SINCE MAR 1      1.2                      14.1  -12.9     20.4
  SINCE JUL 1     36.2                      37.5   -1.3     63.4
  SNOW DEPTH       0

DEGREE DAYS
 HEATING
  YESTERDAY       17                        19     -2       11
  MONTH TO DATE  368                       396    -28      446
  SINCE MAR 1   1070                      1314   -244     1463
  SINCE JUL 1   6178                      6524   -346     7096

 COOLING
  YESTERDAY        0                         0      0        0
  MONTH TO DATE    0                         0      0        0
  SINCE MAR 1      0                         0      0        0
  SINCE JAN 1      0                         0      0        0
..................................................................


WIND (MPH)
  HIGHEST WIND SPEED    30   HIGHEST WIND DIRECTION     N (350)
  HIGHEST GUST SPEED    38   HIGHEST GUST DIRECTION     N (350)
  AVERAGE WIND SPEED    10.7


SKY COVER
  AVERAGE SKY COVER 1.0


WEATHER CONDITIONS
 THE FOLLOWING WEATHER WAS RECORDED YESTERDAY.
  RAIN
  LIGHT RAIN
  FOG


RELATIVE HUMIDITY (PERCENT)
 HIGHEST   100           200 PM
 LOWEST     71           800 AM
 AVERAGE    86

..........................................................


THE RAPID CITY AIRPORT SD CLIMATE NORMALS FOR TODAY
                         NORMAL    RECORD    YEAR
 MAXIMUM TEMPERATURE (F)   60        85      1961
 MINIMUM TEMPERATURE (F)   33         8      1966


SUNRISE AND SUNSET
APRIL 19 2015.........SUNRISE   603 AM MDT   SUNSET   741 PM MDT
APRIL 20 2015.........SUNRISE   601 AM MDT   SUNSET   742 PM MDT


-  INDICATES NEGATIVE NUMBERS.
R  INDICATES RECORD WAS SET OR TIED.
MM INDICATES DATA IS MISSING.
T  INDICATES TRACE AMOUNT.




$$
