000
CDUS46 KMFR 200046
CLIRBG


CLIMATE REPORT
NATIONAL WEATHER SERVICE MEDFORD, OR
546 PM PDT SUN APR 19 2015


...................................

...THE ROSEBURG OR CLIMATE SUMMARY FOR APRIL 19 2015...
VALID TODAY AS OF 0500 PM LOCAL TIME.

CLIMATE NORMAL PERIOD 1981 TO 2010
CLIMATE RECORD PERIOD 1931 TO 2015


WEATHER ITEM   OBSERVED TIME   RECORD YEAR NORMAL DEPARTURE LAST
                VALUE   (LST)  VALUE       VALUE  FROM      YEAR
                                                  NORMAL
..................................................................
TEMPERATURE (F)
 TODAY
  MAXIMUM         81        MM  86    1939  63     18       62
  MINIMUM         45        MM  28    1972  42      3       42
  AVERAGE         63                        53     10       52

PRECIPITATION (IN)
  TODAY            0.00          0.50 1965   0.08  -0.08
  MONTH TO DATE    0.81                      1.90  -1.09
  SINCE OCT 1     24.35                     30.09  -5.74
  SINCE JAN 1     10.07                     14.44  -4.37

SNOWFALL (IN)
  TODAY           MM                        MM     MM       MM
  MONTH TO DATE   MM                        MM     MM       MM
  SINCE JUL 1      0.0                      MM     MM        0.0
  SNOW DEPTH      MM

DEGREE DAYS
 HEATING
  TODAY            2                        12    -10       13
  MONTH TO DATE  248                       263    -15      178
  SINCE MAR 1    568                       773   -205      575
  SINCE JUL 1   2625                      3642  -1017     3502

 COOLING
  TODAY            0                         0      0        0
  MONTH TO DATE    0                         0      0        0
  SINCE MAR 1      0                         0      0        0
  SINCE JAN 1      0                         0      0        0
..................................................................







THE ROSEBURG OR CLIMATE NORMALS FOR TOMORROW
                         NORMAL    RECORD    YEAR
 MAXIMUM TEMPERATURE (F)   63        91      1934
 MINIMUM TEMPERATURE (F)   43        28      1972


SUNRISE AND SUNSET
APRIL 19 2015.........SUNRISE   625 AM PDT   SUNSET   801 PM PDT
APRIL 20 2015.........SUNRISE   623 AM PDT   SUNSET   802 PM PDT


-  INDICATES NEGATIVE NUMBERS.
R  INDICATES RECORD WAS SET OR TIED.
MM INDICATES DATA IS MISSING.
T  INDICATES TRACE AMOUNT.




$$
