000
CDUS46 KSTO 180840
CLIRDD

CLIMATE REPORT
NATIONAL WEATHER SERVICE SACRAMENTO, CA
136 AM PDT SAT APR 18 2015


..........................................................

...THE REDDING AIRPORT CA CLIMATE SUMMARY FOR APRIL 17 2015...

CLIMATE NORMAL PERIOD 1981 TO 2010
CLIMATE RECORD PERIOD 1986 TO 2015


WEATHER ITEM   OBSERVED RECORD YEAR NORMAL DEPARTURE LAST
                VALUE   VALUE       VALUE  FROM      YEAR
                                           NORMAL
...........................................................
TEMPERATURE (F)
 YESTERDAY
  MAXIMUM         87R    84    1999  71     16       80
  MINIMUM         43     34    2006  46     -3       50
  AVERAGE         65

PRECIPITATION (IN)
  YESTERDAY        0.00   2.33 1993   0.09  -0.09     0.02
  MONTH TO DATE    1.05               1.45  -0.40     0.10
  SINCE OCT 1     22.00              30.14  -8.14    16.16
  SINCE JAN 1      5.75              17.29 -11.54    14.05

SNOWFALL (IN)
  YESTERDAY        0.0   MM      MM  MM               0.0
  MONTH TO DATE    0.0               MM               0.0
  SINCE MAR 1      0.0               MM               0.0
  SINCE JUL 1      0.0               MM               5.0

DEGREE DAYS
 HEATING
  YESTERDAY        0

 COOLING
  YESTERDAY        0
...........................................................


WIND (MPH)
  RESULTANT WIND SPEED   1   RESULTANT WIND DIRECTION   E (100)
  HIGHEST WIND SPEED    10   HIGHEST WIND DIRECTION     S (180)
  HIGHEST GUST SPEED    12   HIGHEST GUST DIRECTION     S (190)


SKY COVER
  POSSIBLE SUNSHINE  MM
  AVERAGE SKY COVER 0.0


WEATHER CONDITIONS
 THE FOLLOWING WEATHER WAS RECORDED YESTERDAY.
  NO SIGNIFICANT WEATHER WAS OBSERVED.


RELATIVE HUMIDITY (PERCENT)
 HIGHEST    76
 LOWEST     11
 AVERAGE    44

..........................................................


THE REDDING AIRPORT CA CLIMATE NORMALS FOR TODAY
                         NORMAL    RECORD    YEAR
 MAXIMUM TEMPERATURE (F)   71        87      2009
 MINIMUM TEMPERATURE (F)   46        33      2007
                                             1996


SUNRISE AND SUNSET
APRIL 18 2015.........SUNRISE   626 AM PDT   SUNSET   751 PM PDT
APRIL 19 2015.........SUNRISE   625 AM PDT   SUNSET   752 PM PDT


-  INDICATES NEGATIVE NUMBERS.
R  INDICATES RECORD WAS SET OR TIED.
MM INDICATES DATA IS MISSING.
T  INDICATES TRACE AMOUNT.

&&
....................................................................

REDDING CITY CLIMATE DATA FOR APRIL 17

CLIMATE RECORD PERIOD 1897-1986

RECORD HIGH..............     94 IN 1954
RECORD LOW...............     35 IN 1896

RECORD RAINFALL..........   0.85 IN 1942

$$
