000
CDUS42 KRAH 070044
CLIRDU


CLIMATE REPORT
NATIONAL WEATHER SERVICE RALEIGH NC
842 PM EDT WED MAY 6 2015


...................................

...THE RALEIGH-DURHAM INTL AIRPORT NC CLIMATE SUMMARY FOR MAY 6 2015...
VALID AS OF 0830 PM LOCAL TIME.

CLIMATE NORMAL PERIOD 1981 TO 2010
CLIMATE RECORD PERIOD 1887 TO 2015


WEATHER ITEM   OBSERVED TIME   RECORD YEAR NORMAL DEPARTURE LAST
                VALUE   (LST)  VALUE       VALUE  FROM      YEAR
                                                  NORMAL
..................................................................
TEMPERATURE (F)
 TODAY
  MAXIMUM         83    233 PM  95    1950  77      6       84
  MINIMUM         54    553 AM  34    1973  53      1       56
  AVERAGE         69                        65      4       70

PRECIPITATION (IN)
  TODAY            0.00          2.32 1958   0.10  -0.10     0.00
  MONTH TO DATE    0.58                      0.55   0.03      T
  SINCE MAR 1      9.12                      7.58   1.54    10.29
  SINCE JAN 1     15.38                     14.31   1.07    15.25

DEGREE DAYS
 HEATING
  TODAY            0                         3     -3        0
  MONTH TO DATE   16                        19     -3        6
  SINCE MAR 1    583                       636    -53      756
  SINCE JUL 1   3480                      3208    272     3457

 COOLING
  TODAY            4                         3      1        5
  MONTH TO DATE   11                        18     -7       12
  SINCE MAR 1     67                        78    -11       43
  SINCE JAN 1     67                        79    -12       43
..................................................................


WIND (MPH)
  RESULTANT WIND SPEED   3   RESULTANT WIND DIRECTION  SE (140)
  HIGHEST WIND SPEED    12   HIGHEST WIND DIRECTION     S (160)
  HIGHEST GUST SPEED    17   HIGHEST GUST DIRECTION    SE (150)
  AVERAGE WIND SPEED     4.0


SKY COVER
  POSSIBLE SUNSHINE  MM
  AVERAGE SKY COVER 0.7


WEATHER CONDITIONS
 THE FOLLOWING WEATHER WAS RECORDED TODAY.
  NO SIGNIFICANT WEATHER WAS OBSERVED.


RELATIVE HUMIDITY (PERCENT)
 HIGHEST    93           500 AM
 LOWEST     40           200 PM
 AVERAGE    67

..........................................................


THE RALEIGH-DURHAM INTL AIRPORT NC CLIMATE NORMALS FOR TOMORROW
                         NORMAL    RECORD    YEAR
 MAXIMUM TEMPERATURE (F)   78        92      1959
                                             1940
 MINIMUM TEMPERATURE (F)   54        35      1970


SUNRISE AND SUNSET
MAY  6 2015...........SUNRISE   618 AM EDT   SUNSET   806 PM EDT
MAY  7 2015...........SUNRISE   617 AM EDT   SUNSET   807 PM EDT


-  INDICATES NEGATIVE NUMBERS.
R  INDICATES RECORD WAS SET OR TIED.
MM INDICATES DATA IS MISSING.
T  INDICATES TRACE AMOUNT.


&&

CLIMATE REPORT
NWS FORECAST OFFICE
NCSU CENTENNIAL CAMPUS RALEIGH, NC

MAXIMUM TEMPERATURE... 80

MINIMUM TEMPERATURE... 55

PRECIPITATION... 0.00


$$
