000
CDUS43 KGRB 032118
CLIRHI


CLIMATE REPORT
NATIONAL WEATHER SERVICE GREEN BAY
417 PM CDT SUN MAY 3 2015


...................................

...THE RHINELANDER WI CLIMATE SUMMARY FOR MAY 3 2015...
VALID TODAY AS OF 0400 PM LOCAL TIME.

CLIMATE NORMAL PERIOD 1981 TO 2010
CLIMATE RECORD PERIOD 1908 TO 2015


WEATHER ITEM   OBSERVED TIME   RECORD YEAR NORMAL DEPARTURE LAST
                VALUE   (LST)  VALUE       VALUE  FROM      YEAR
                                                  NORMAL
..................................................................
TEMPERATURE (F)
 TODAY
  MAXIMUM         78    300 PM  90    1959  62     16       53
  MINIMUM         54        MM  19    2004  36     18       37
                                      1926
                                      1909
  AVERAGE         66                        49     17       45

PRECIPITATION (IN)
  TODAY            0.00          1.03 1942   0.11  -0.11     0.05
  MONTH TO DATE    0.00                      0.32  -0.32     0.36
  SINCE MAR 1      4.02                      4.47  -0.45     5.98
  SINCE JAN 1      4.91                      6.51  -1.60     8.59

SNOWFALL (IN)
  TODAY            0.0           0.2  2013  MM     MM        0.0
                                      2011
                                      1954
  MONTH TO DATE    0.0                      MM     MM        0.0
  SINCE MAR 1     20.4                      MM     MM       37.7
  SINCE JUL 1     89.3                      MM     MM      110.2
  SNOW DEPTH       0

DEGREE DAYS
 HEATING
  TODAY            0                        16    -16       20
  MONTH TO DATE   15                        50    -35       65
  SINCE MAR 1   1830                      1928    -98     2403
  SINCE JUL 1   9171                      8550    621    10032

 COOLING
  TODAY            1                         0      1        0
  MONTH TO DATE    1                         0      1        0
  SINCE MAR 1      1                         1      0        0
  SINCE JAN 1      1                         1      0        0
..................................................................


WIND (MPH)
  HIGHEST WIND SPEED    16   HIGHEST WIND DIRECTION     S (200)
  HIGHEST GUST SPEED    23   HIGHEST GUST DIRECTION    SW (230)
  AVERAGE WIND SPEED    11.2


SKY COVER
  POSSIBLE SUNSHINE  MM
  AVERAGE SKY COVER 0.1


WEATHER CONDITIONS
 THE FOLLOWING WEATHER WAS RECORDED TODAY.
  NO SIGNIFICANT WEATHER WAS OBSERVED.


RELATIVE HUMIDITY (PERCENT)
 HIGHEST    77           400 AM
 LOWEST     37           300 PM
 AVERAGE    57

..........................................................


THE RHINELANDER WI CLIMATE NORMALS FOR TOMORROW
                         NORMAL    RECORD    YEAR
 MAXIMUM TEMPERATURE (F)   62        89      1959
 MINIMUM TEMPERATURE (F)   37        21      1909


SUNRISE AND SUNSET
MAY  3 2015...........SUNRISE   543 AM CDT   SUNSET   807 PM CDT
MAY  4 2015...........SUNRISE   542 AM CDT   SUNSET   808 PM CDT


-  INDICATES NEGATIVE NUMBERS.
R  INDICATES RECORD WAS SET OR TIED.
MM INDICATES DATA IS MISSING.
T  INDICATES TRACE AMOUNT.




$$
