000
CDUS43 KGRB 020724
CLIRHI


CLIMATE REPORT
NATIONAL WEATHER SERVICE GREEN BAY
222 AM CDT THU APR 2 2015


...................................

...THE RHINELANDER WI CLIMATE SUMMARY FOR APRIL 1 2015...

CLIMATE NORMAL PERIOD 1981 TO 2010
CLIMATE RECORD PERIOD 1908 TO 2015


WEATHER ITEM   OBSERVED TIME   RECORD YEAR NORMAL DEPARTURE LAST
                VALUE   (LST)  VALUE       VALUE  FROM      YEAR
                                                  NORMAL
..................................................................
TEMPERATURE (F)
 YESTERDAY
  MAXIMUM         59    304 PM  77    2010  45     14       47
  MINIMUM         24    436 AM -11    1924  24      0       20
  AVERAGE         42                        34      8       34

PRECIPITATION (IN)
  YESTERDAY        0.18          0.51 1965   0.07   0.11      T
  MONTH TO DATE    0.18                      0.07   0.11      T
  SINCE MAR 1      0.95                      1.64  -0.69     0.76
  SINCE JAN 1      1.84                      3.68  -1.84     3.37

SNOWFALL (IN)
  YESTERDAY        0.0           6.0  1965  MM     MM         T
  MONTH TO DATE    0.0                      MM     MM         T
  SINCE MAR 1      6.5                      MM     MM        9.6
  SINCE JUL 1     75.4                      MM     MM       82.1
  SNOW DEPTH       0

DEGREE DAYS
 HEATING
  YESTERDAY       23                        30     -7       31
  MONTH TO DATE   23                        30     -7       31
  SINCE MAR 1   1153                      1203    -50     1470
  SINCE JUL 1   8494                      7825    669     9099

 COOLING
  YESTERDAY        0                         0      0        0
  MONTH TO DATE    0                         0      0        0
  SINCE MAR 1      0                         0      0        0
  SINCE JAN 1      0                         0      0        0
..................................................................


WIND (MPH)
  HIGHEST WIND SPEED    21   HIGHEST WIND DIRECTION     S (170)
  HIGHEST GUST SPEED    29   HIGHEST GUST DIRECTION     W (270)
  AVERAGE WIND SPEED     8.7


SKY COVER
  POSSIBLE SUNSHINE  MM
  AVERAGE SKY COVER 0.4


WEATHER CONDITIONS
 THE FOLLOWING WEATHER WAS RECORDED YESTERDAY.
  THUNDERSTORM
  RAIN
  LIGHT RAIN
  FOG


RELATIVE HUMIDITY (PERCENT)
 HIGHEST    92           200 AM
 LOWEST     36           100 PM
 AVERAGE    64

..........................................................


THE RHINELANDER WI CLIMATE NORMALS FOR TODAY
                         NORMAL    RECORD    YEAR
 MAXIMUM TEMPERATURE (F)   46        74      2010
 MINIMUM TEMPERATURE (F)   24         3      1954


SUNRISE AND SUNSET
APRIL  2 2015.........SUNRISE   637 AM CDT   SUNSET   727 PM CDT
APRIL  3 2015.........SUNRISE   635 AM CDT   SUNSET   728 PM CDT


-  INDICATES NEGATIVE NUMBERS.
R  INDICATES RECORD WAS SET OR TIED.
MM INDICATES DATA IS MISSING.
T  INDICATES TRACE AMOUNT.

$$
