000
CDUS45 KRIW 040740
CLIRKS


CLIMATE REPORT
NATIONAL WEATHER SERVICE RIVERTON WY
129 AM MDT MON MAY 4 2015


...................................

...THE ROCK SPRINGS WY CLIMATE SUMMARY FOR MAY 3 2015...

CLIMATE NORMAL PERIOD 1981 TO 2010
CLIMATE RECORD PERIOD 1948 TO 2015


WEATHER ITEM   OBSERVED TIME   RECORD YEAR NORMAL DEPARTURE LAST
                VALUE   (LST)  VALUE       VALUE  FROM      YEAR
                                                  NORMAL
..................................................................
TEMPERATURE (F)
 YESTERDAY
  MAXIMUM         66    118 PM  79    2000  59      7       78
  MINIMUM         42    417 AM  20    1964  34      8       46
  AVERAGE         54                        47      7       62

PRECIPITATION (IN)
  YESTERDAY        T             0.47 1950   0.04  -0.04     0.00
  MONTH TO DATE    0.02                      0.12  -0.10     0.00
  SINCE MAR 1      0.91                      1.71  -0.80     0.67
  SINCE JAN 1      1.00                      2.64  -1.64     0.82

DEGREE DAYS
 HEATING
  YESTERDAY       11                        18     -7        3
  MONTH TO DATE   30                        56    -26       34
  SINCE MAR 1   1475                      1736   -261     1577
  SINCE JUL 1   6588                      7588  -1000     7029

 COOLING
  YESTERDAY        0                         0      0        0
  MONTH TO DATE    0                         0      0        0
  SINCE MAR 1      0                         0      0        0
  SINCE JAN 1      0                         0      0        0
..................................................................


WIND (MPH)
  HIGHEST WIND SPEED    44   HIGHEST WIND DIRECTION     W (280)
  HIGHEST GUST SPEED    56   HIGHEST GUST DIRECTION     W (270)
  AVERAGE WIND SPEED    10.1


SKY COVER
  POSSIBLE SUNSHINE  MM
  AVERAGE SKY COVER 0.6


WEATHER CONDITIONS
 THE FOLLOWING WEATHER WAS RECORDED YESTERDAY.
  THUNDERSTORM
  LIGHT RAIN


RELATIVE HUMIDITY (PERCENT)
 HIGHEST    82           800 AM
 LOWEST     31           100 PM
 AVERAGE    57

..........................................................


THE ROCK SPRINGS WY CLIMATE NORMALS FOR TODAY
                         NORMAL    RECORD    YEAR
 MAXIMUM TEMPERATURE (F)   60        79      2004
                                             1966
 MINIMUM TEMPERATURE (F)   34        18      1950


SUNRISE AND SUNSET
MAY  4 2015...........SUNRISE   609 AM MDT   SUNSET   817 PM MDT
MAY  5 2015...........SUNRISE   608 AM MDT   SUNSET   818 PM MDT


-  INDICATES NEGATIVE NUMBERS.
R  INDICATES RECORD WAS SET OR TIED.
MM INDICATES DATA IS MISSING.
T  INDICATES TRACE AMOUNT.




$$
