000
CDUS42 KFFC 210021
CLIRMG


CLIMATE REPORT
NATIONAL WEATHER SERVICE PEACHTREE CITY GA
821 PM EDT MON APR 20 2015


...................................

...THE ROME  CLIMATE SUMMARY FOR APRIL 20 2015...
VALID AS OF 0800 PM LOCAL TIME.

CLIMATE NORMAL PERIOD 1981 TO 2010
CLIMATE RECORD PERIOD 9999 TO 9999


WEATHER ITEM   OBSERVED TIME   RECORD YEAR NORMAL DEPARTURE LAST
                VALUE   (LST)  VALUE       VALUE  FROM      YEAR
                                                  NORMAL
..................................................................
TEMPERATURE (F)
 TODAY
  MAXIMUM         76    218 PM  MM      MM  74      2       79
  MINIMUM         56    143 AM  MM      MM  48      8       45
  AVERAGE         66                        61      5       62

PRECIPITATION (IN)
  TODAY            0.25         MM      MM   0.15   0.10     0.00
  MONTH TO DATE    4.00                      2.46   1.54     4.59
  SINCE MAR 1      7.52                      7.41   0.11     9.27

SNOWFALL (IN)
  TODAY           MM            MM      MM  MM     MM       MM
  MONTH TO DATE    0.0                      MM     MM        0.0
  SINCE MAR 1      0.0                      MM     MM        0.0
  SINCE JUL 1      T                        MM     MM         T

DEGREE DAYS
 HEATING
  TODAY            0                         5     -5        3
  MONTH TO DATE   50                       145    -95      129
  SINCE MAR 1    357                       550   -193      577
  SINCE JUL 1   3176                      3172      4     3404

 COOLING
  TODAY            1                         1      0        0
  MONTH TO DATE   52                        16     36        5
  SINCE MAR 1     52                        20     32        5
  SINCE JAN 1     52                        20     32        5
..................................................................


WIND (MPH)
  RESULTANT WIND SPEED   8   RESULTANT WIND DIRECTION   W (260)
  HIGHEST WIND SPEED    24   HIGHEST WIND DIRECTION     W (270)
  HIGHEST GUST SPEED    35   HIGHEST GUST DIRECTION     W (260)
  AVERAGE WIND SPEED     9.0


SKY COVER
  AVERAGE SKY COVER 0.3


WEATHER CONDITIONS
 THE FOLLOWING WEATHER WAS RECORDED TODAY.
  THUNDERSTORM
  HEAVY RAIN
  LIGHT RAIN
  FOG


RELATIVE HUMIDITY (PERCENT)
 HIGHEST   100          1200 AM
 LOWEST     43           100 PM
 AVERAGE    72

..........................................................


THE ROME  CLIMATE NORMALS FOR TOMORROW
                         NORMAL    RECORD    YEAR
 MAXIMUM TEMPERATURE (F)   74        MM        MM
 MINIMUM TEMPERATURE (F)   48        MM        MM


SUNRISE AND SUNSET
APRIL 20 2015.........SUNRISE   704 AM EDT   SUNSET   816 PM EDT
APRIL 21 2015.........SUNRISE   702 AM EDT   SUNSET   817 PM EDT


-  INDICATES NEGATIVE NUMBERS.
R  INDICATES RECORD WAS SET OR TIED.
MM INDICATES DATA IS MISSING.
T  INDICATES TRACE AMOUNT.




$$
