000
CDUS41 KRNK 252058
CLIRNK


CLIMATE REPORT
NATIONAL WEATHER SERVICE BLACKSBURG VA
456 PM EDT SAT APR 25 2015


...................................

...THE BLACKSBURG VA CLIMATE SUMMARY FOR APRIL 25 2015...
VALID TODAY AS OF 0400 PM LOCAL TIME.

CLIMATE NORMAL PERIOD 1981 TO 2010
CLIMATE RECORD PERIOD 1952 TO 2015


WEATHER ITEM   OBSERVED TIME   RECORD YEAR NORMAL DEPARTURE LAST
                VALUE   (LST)  VALUE       VALUE  FROM      YEAR
                                                  NORMAL
..................................................................
TEMPERATURE (F)
 TODAY
  MAXIMUM         46    400 AM  86    2009  66    -20       64
  MINIMUM         40    200 PM  25    1967  41     -1       43
  AVERAGE         43                        54    -11       54

PRECIPITATION (IN)
  TODAY            0.16          1.65 1987   0.12   0.04     0.18
  MONTH TO DATE    4.62                      2.90   1.72     2.15
  SINCE MAR 1      9.18                      6.54   2.64     4.57
  SINCE JAN 1     12.60                     12.43   0.17    10.20

SNOWFALL (IN)
  TODAY            0.0
  MONTH TO DATE    T
  SINCE MAR 1      4.4
  SINCE JUL 1     27.8
  SNOW DEPTH       0

DEGREE DAYS
 HEATING
  TODAY           22                        12     10       11
  MONTH TO DATE  263                       377   -114      325
  SINCE MAR 1    926                      1104   -178     1112
  SINCE JUL 1   5052                      5152   -100     5293

 COOLING
  TODAY            0                         0      0        0
  MONTH TO DATE    0                         0      0        0
  SINCE MAR 1      0                         0      0        0
  SINCE JAN 1      0                         0      0        0
..................................................................


WIND (MPH)
  HIGHEST WIND SPEED     7   HIGHEST WIND DIRECTION     E (80)
  HIGHEST GUST SPEED    MM   HIGHEST GUST DIRECTION    MM
  AVERAGE WIND SPEED     2.4


SKY COVER
  POSSIBLE SUNSHINE  MM
  AVERAGE SKY COVER 0.9


WEATHER CONDITIONS
 THE FOLLOWING WEATHER WAS RECORDED TODAY.
  HEAVY RAIN
  RAIN
  LIGHT RAIN
  FOG


RELATIVE HUMIDITY (PERCENT)
 HIGHEST    96           300 PM
 LOWEST     55           300 AM
 AVERAGE    76

..........................................................


THE BLACKSBURG VA CLIMATE NORMALS FOR TOMORROW
                         NORMAL    RECORD    YEAR
 MAXIMUM TEMPERATURE (F)   67        85      2009
 MINIMUM TEMPERATURE (F)   41        25      1972


SUNRISE AND SUNSET
APRIL 25 2015.........SUNRISE   634 AM EDT   SUNSET   805 PM EDT
APRIL 26 2015.........SUNRISE   633 AM EDT   SUNSET   806 PM EDT


-  INDICATES NEGATIVE NUMBERS.
R  INDICATES RECORD WAS SET OR TIED.
MM INDICATES DATA IS MISSING.
T  INDICATES TRACE AMOUNT.




$$
