000
CDUS45 KABQ 020827
CLIROW


CLIMATE REPORT
NATIONAL WEATHER SERVICE ALBUQUERQUE NM
226 AM MDT THU APR 2 2015


...................................

...THE ROSWELL NM CLIMATE SUMMARY FOR APRIL 1 2015...

CLIMATE NORMAL PERIOD 1981 TO 2010
CLIMATE RECORD PERIOD 1893 TO 2015


WEATHER ITEM   OBSERVED TIME   RECORD YEAR NORMAL DEPARTURE
                VALUE   (LST)  VALUE       VALUE  FROM
                                                  NORMAL
...............................................................
TEMPERATURE (F)
 YESTERDAY
  MAXIMUM         86    224 PM  92    2012  73     13
  MINIMUM         46    618 AM  22    1896  40      6
  AVERAGE         66                        57      9

PRECIPITATION (IN)
  YESTERDAY        0.00          0.15 2000   0.02  -0.02
  MONTH TO DATE    0.00                      0.02  -0.02
  SINCE MAR 1      0.29                      0.53  -0.24
  SINCE JAN 1      2.20                      1.33   0.87

SNOWFALL (IN)
  YESTERDAY        0.0
  MONTH TO DATE    0.0
  SINCE MAR 1      T
  SINCE JUL 1     16.2

DEGREE DAYS
 HEATING
  YESTERDAY        0                         9     -9
  MONTH TO DATE    0                         9     -9
  SINCE MAR 1    358                       396    -38
  SINCE JUL 1   3075                      3103    -28

 COOLING
  YESTERDAY        1                         0      1
  MONTH TO DATE    1                         0      1
  SINCE MAR 1      4                         3      1
  SINCE JAN 1      4                         3      1
...............................................................


WIND (MPH)
  HIGHEST WIND SPEED    22   HIGHEST WIND DIRECTION     W (250)
  HIGHEST GUST SPEED    27   HIGHEST GUST DIRECTION     W (260)
  AVERAGE WIND SPEED     7.1


SKY COVER
  AVERAGE SKY COVER 0.1


WEATHER CONDITIONS
 THE FOLLOWING WEATHER WAS RECORDED YESTERDAY.
  NO SIGNIFICANT WEATHER WAS OBSERVED.


RELATIVE HUMIDITY (PERCENT)
 HIGHEST    71           600 AM
 LOWEST     10           500 PM
 AVERAGE    41

..........................................................


THE ROSWELL NM CLIMATE NORMALS FOR TODAY
                         NORMAL    RECORD    YEAR
 MAXIMUM TEMPERATURE (F)   73        95      2011
 MINIMUM TEMPERATURE (F)   41        21      1970


SUNRISE AND SUNSET
APRIL  2 2015.........SUNRISE   645 AM MDT   SUNSET   719 PM MDT
APRIL  3 2015.........SUNRISE   644 AM MDT   SUNSET   720 PM MDT


-  INDICATES NEGATIVE NUMBERS.
R  INDICATES RECORD WAS SET OR TIED.
MM INDICATES DATA IS MISSING.
T  INDICATES TRACE AMOUNT.

$$
