000
CDUS45 KPIH 020736
CLIRXE


CLIMATE REPORT
NATIONAL WEATHER SERVICE POCATELLO ID
133 AM MDT THU APR 2 2015


...................................

...THE REXBURG ID CLIMATE SUMMARY FOR APRIL 1 2015...

CLIMATE NORMAL PERIOD 1981 TO 2010
CLIMATE RECORD PERIOD 1998 TO 2015


WEATHER ITEM   OBSERVED TIME   RECORD YEAR NORMAL DEPARTURE LAST
                VALUE   (LST)  VALUE       VALUE  FROM      YEAR
                                                  NORMAL
..................................................................
TEMPERATURE (F)
 YESTERDAY
  MAXIMUM         46    502 PM  66    2002  51     -5       46
  MINIMUM         30    703 AM  11    2008  29      1       19
  AVERAGE         38                        40     -2       33

PRECIPITATION (IN)
  YESTERDAY        0.01         MM      MM   0.04  -0.03     0.08
  MONTH TO DATE    0.01                      0.04  -0.03     0.08
  SINCE OCT 1      4.04                      5.88  -1.84     4.98
  SINCE JAN 1      1.27                      2.67  -1.40     3.12

SNOWFALL (IN)
  YESTERDAY       MM
  MONTH TO DATE   MM
  SINCE MAR 1     MM
  SINCE JUL 1     MM
  SNOW DEPTH      MM

DEGREE DAYS
 HEATING
  YESTERDAY       27                        25      2       32
  MONTH TO DATE   27                        25      2       32
  SINCE MAR 1    763                       981   -218      893
  SINCE JUL 1   5847                      6954  -1107     6708

 COOLING
  YESTERDAY        0                         0      0        0
  MONTH TO DATE    0                         0      0        0
  SINCE MAR 1      0                         0      0        0
  SINCE JAN 1      0                         0      0        0
..................................................................


WIND (MPH)
  HIGHEST WIND SPEED    31   HIGHEST WIND DIRECTION    SW (210)
  HIGHEST GUST SPEED    40   HIGHEST GUST DIRECTION    SW (210)
  AVERAGE WIND SPEED    13.2


SKY COVER
  POSSIBLE SUNSHINE  MM
  AVERAGE SKY COVER 0.7


WEATHER CONDITIONS
 THE FOLLOWING WEATHER WAS RECORDED YESTERDAY.
  LIGHT SNOW
  FOG
  HAZE


RELATIVE HUMIDITY (PERCENT)
 HIGHEST    78           600 AM
 LOWEST     31           500 PM
 AVERAGE    55

..........................................................


THE REXBURG ID CLIMATE NORMALS FOR TODAY
                         NORMAL    RECORD    YEAR
 MAXIMUM TEMPERATURE (F)   52        64      2013
                                             2004
 MINIMUM TEMPERATURE (F)   29        10      2008


SUNRISE AND SUNSET
APRIL  2 2015.........SUNRISE   707 AM MDT   SUNSET   755 PM MDT
APRIL  3 2015.........SUNRISE   705 AM MDT   SUNSET   756 PM MDT


-  INDICATES NEGATIVE NUMBERS.
R  INDICATES RECORD WAS SET OR TIED.
MM INDICATES DATA IS MISSING.
T  INDICATES TRACE AMOUNT.




$$
