000
CDUS46 KSTO 040836
CLISAC

CLIMATE REPORT
NATIONAL WEATHER SERVICE SACRAMENTO, CA
136 AM PDT MON MAY 4 2015


...................................

...THE SACRAMENTO EXEC. AIRPORT CA CLIMATE SUMMARY FOR MAY 3 2015...

CLIMATE NORMAL PERIOD 1981 TO 2010
CLIMATE RECORD PERIOD 1930 TO 2015


WEATHER ITEM   OBSERVED TIME   RECORD YEAR NORMAL DEPARTURE LAST
                VALUE   (LST)  VALUE       VALUE  FROM      YEAR
                                                  NORMAL
..................................................................
TEMPERATURE (F)
 YESTERDAY
  MAXIMUM         75    235 PM  94    1990  76     -1       75
  MINIMUM         52   1159 PM  34    1950  49      3       55
  AVERAGE         64

PRECIPITATION (IN)
  YESTERDAY        0.00          0.70 2003   0.03  -0.03     0.00
  MONTH TO DATE    0.00                      0.09  -0.09     0.00
  SINCE OCT 1     15.27                     17.38  -2.11     9.20
  SINCE JAN 1      4.89                     11.10  -6.21     7.89

SNOWFALL (IN)
  YESTERDAY        0.0          MM      MM   0.0             0.0
  MONTH TO DATE    0.0                       0.0             0.0
  SINCE MAR 1      0.0                       0.0             0.0
  SINCE JUL 1      0.0                       0.0             0.0

DEGREE DAYS
 HEATING
  YESTERDAY        1

 COOLING
  YESTERDAY        0
..................................................................


WIND (MPH)
  RESULTANT WIND SPEED   9   RESULTANT WIND DIRECTION   S (200)
  HIGHEST WIND SPEED    16   HIGHEST WIND DIRECTION    SW (210)
  HIGHEST GUST SPEED    25   HIGHEST GUST DIRECTION    SW (230)


SKY COVER
  POSSIBLE SUNSHINE  MM
  AVERAGE SKY COVER 0.0


WEATHER CONDITIONS
 THE FOLLOWING WEATHER WAS RECORDED YESTERDAY.
  NO SIGNIFICANT WEATHER WAS OBSERVED.


RELATIVE HUMIDITY (PERCENT)
 HIGHEST    89
 LOWEST     41
 AVERAGE    65

..........................................................


THE SACRAMENTO EXEC. AIRPORT CA CLIMATE NORMALS FOR TODAY
                         NORMAL    RECORD    YEAR
 MAXIMUM TEMPERATURE (F)   77        98      1990
 MINIMUM TEMPERATURE (F)   49        38      1952
                                             1950


SUNRISE AND SUNSET
MAY  4 2015...........SUNRISE   606 AM PDT   SUNSET   801 PM PDT
MAY  5 2015...........SUNRISE   604 AM PDT   SUNSET   801 PM PDT


-  INDICATES NEGATIVE NUMBERS.
R  INDICATES RECORD WAS SET OR TIED.
MM INDICATES DATA IS MISSING.
T  INDICATES TRACE AMOUNT.

&&
....................................................................

SACRAMENTO CITY CLIMATE DATA FOR SUNDAY MAY 3 2015

HIGH...   77  RECORD HIGH    97 IN 1992    NORMAL    HIGH   78
LOW....   52  RECORD LOW     37 IN 1950    NORMAL    LOW    52

RAIN SINCE MIDNIGHT....  0.00   RECORD THIS DATE....... 0.76 IN 1956
TOTAL THIS MONTH.......  0.00   NORMAL SINCE OCT 1ST.........  19.04
TOTAL SINCE OCT 1ST... 13.54   PERCENT OF NORMAL.............  71%

$$
