000
CDUS42 KCHS 260542
CLISAV


CLIMATE REPORT
NATIONAL WEATHER SERVICE CHARLESTON SC
142 AM EDT SUN APR 26 2015


...................................

...THE SAVANNAH GA CLIMATE SUMMARY FOR APRIL 25 2015...

CLIMATE NORMAL PERIOD 1981 TO 2010
CLIMATE RECORD PERIOD 1871 TO 2015


WEATHER ITEM   OBSERVED TIME   RECORD YEAR NORMAL DEPARTURE LAST
                VALUE   (LST)  VALUE       VALUE  FROM      YEAR
                                                  NORMAL
..................................................................
TEMPERATURE (F)
 YESTERDAY
  MAXIMUM         81    423 PM  94    1958  80      1       82
  MINIMUM         63    251 AM  39    2005  56      7       65
  AVERAGE         72                        68      4       74

PRECIPITATION (IN)
  YESTERDAY        2.94          2.98 1982   0.09   2.85     0.00
  MONTH TO DATE    5.38                      2.63   2.75     5.46
  SINCE MAR 1      7.40                      6.36   1.04     8.11
  SINCE JAN 1     14.96                     12.84   2.12    12.22

SNOWFALL (IN)
  YESTERDAY        0.0                       0.0    0.0
  SINCE MAR 1      0.0                       T      0.0
  SINCE JUL 1      0.0                       0.3   -0.3

DEGREE DAYS
 HEATING
  YESTERDAY        0                         1     -1        0
  MONTH TO DATE    7                        71    -64       37
  SINCE MAR 1    151                       281   -130      301
  SINCE JUL 1   1686                      1798   -112     1682

 COOLING
  YESTERDAY        7                         4      3        9
  MONTH TO DATE  164                        71     93       82
  SINCE MAR 1    222                       103    119       94
  SINCE JAN 1    227                       113    114      112
..................................................................


WIND (MPH)
  HIGHEST WIND SPEED    51   HIGHEST WIND DIRECTION     W (280)
  HIGHEST GUST SPEED    81   HIGHEST GUST DIRECTION     W (280)
  AVERAGE WIND SPEED     6.1


SKY COVER
  POSSIBLE SUNSHINE  MM
  AVERAGE SKY COVER 0.7


WEATHER CONDITIONS
 THE FOLLOWING WEATHER WAS RECORDED YESTERDAY.
  THUNDERSTORM
  HEAVY RAIN
  RAIN
  LIGHT RAIN
  FOG
  FOG W/VISIBILITY <= 1/4 MILE


RELATIVE HUMIDITY (PERCENT)
 HIGHEST    93          1200 PM
 LOWEST     56          1200 AM
 AVERAGE    75

..........................................................


THE SAVANNAH GA CLIMATE NORMALS FOR TODAY
                         NORMAL    RECORD    YEAR
 MAXIMUM TEMPERATURE (F)   80        92      1989
 MINIMUM TEMPERATURE (F)   56        38      1910


SUNRISE AND SUNSET
APRIL 26 2015.........SUNRISE   644 AM EDT   SUNSET   802 PM EDT
APRIL 27 2015.........SUNRISE   643 AM EDT   SUNSET   802 PM EDT


-  INDICATES NEGATIVE NUMBERS.
R  INDICATES RECORD WAS SET OR TIED.
MM INDICATES DATA IS MISSING.
T  INDICATES TRACE AMOUNT.




$$
