000
CDUS46 KLOX 280115
CLISDB


CLIMATE REPORT
NATIONAL WEATHER SERVICE LOS ANGELES/OXNARD CA
614 PM PDT MON APR 27 2015


...................................

...THE SANDBERG CA CLIMATE SUMMARY FOR APRIL 27 2015...
VALID TODAY AS OF 0600 PM LOCAL TIME.

CLIMATE NORMAL PERIOD 1981 TO 2010
CLIMATE RECORD PERIOD 1934 TO 2015


WEATHER ITEM   OBSERVED TIME   RECORD YEAR NORMAL DEPARTURE LAST
                VALUE   (LST)  VALUE       VALUE  FROM      YEAR
                                                  NORMAL
..................................................................
TEMPERATURE (F)
 TODAY
  MAXIMUM         76    255 PM  84    2013  61     15       57
  MINIMUM         50    454 AM  27    1970  44      6       37
  AVERAGE         63                        53     10       47

PRECIPITATION (IN)
  TODAY            0.00          0.40 1953   0.02  -0.02     0.00
  MONTH TO DATE    0.21                      0.59  -0.38     0.36
  SINCE OCT 1      7.02                     11.60  -4.58     4.28
  SINCE JAN 1      2.12                      7.97  -5.85     3.58

DEGREE DAYS
 HEATING
  TODAY            2                        12    -10       18
  MONTH TO DATE  283                       410   -127      248
  SINCE MAR 1    506                       980   -474      590
  SINCE JUL 1   2137                      3739  -1602     2375

 COOLING
  TODAY            0                         0      0        0
  MONTH TO DATE    4                         0      4       21
  SINCE MAR 1     36                         1     35       24
  SINCE JAN 1     39                         1     38       31
..................................................................


WIND (MPH)
  HIGHEST WIND SPEED    32   HIGHEST WIND DIRECTION     E (80)
  HIGHEST GUST SPEED    41   HIGHEST GUST DIRECTION     E (70)
  AVERAGE WIND SPEED    17.6


SKY COVER
  POSSIBLE SUNSHINE  MM
  AVERAGE SKY COVER 0.0


WEATHER CONDITIONS
 THE FOLLOWING WEATHER WAS RECORDED TODAY.
  NO SIGNIFICANT WEATHER WAS OBSERVED.


RELATIVE HUMIDITY (PERCENT)
 HIGHEST    61           100 AM
 LOWEST     10           300 PM
 AVERAGE    36

..........................................................


THE SANDBERG CA CLIMATE NORMALS FOR TOMORROW
                         NORMAL    RECORD    YEAR
 MAXIMUM TEMPERATURE (F)   62        86      2007
 MINIMUM TEMPERATURE (F)   45        24      1970


SUNRISE AND SUNSET
APRIL 27 2015.........SUNRISE   609 AM PDT   SUNSET   737 PM PDT
APRIL 28 2015.........SUNRISE   608 AM PDT   SUNSET   737 PM PDT


-  INDICATES NEGATIVE NUMBERS.
R  INDICATES RECORD WAS SET OR TIED.
MM INDICATES DATA IS MISSING.
T  INDICATES TRACE AMOUNT.




$$
